Last updated on 2024-06-29 11:49:25 CEST.
Flavor | Version | Tinstall | Tcheck | Ttotal | Status | Flags |
---|---|---|---|---|---|---|
r-devel-linux-x86_64-debian-clang | 0.1.3 | 11.09 | 85.33 | 96.42 | OK | |
r-devel-linux-x86_64-debian-gcc | 0.1.3 | 8.01 | 63.16 | 71.17 | OK | |
r-devel-linux-x86_64-fedora-clang | 0.1.3 | 121.26 | NOTE | |||
r-devel-linux-x86_64-fedora-gcc | 0.1.3 | 118.94 | NOTE | |||
r-devel-windows-x86_64 | 0.1.3 | 10.00 | 87.00 | 97.00 | OK | |
r-patched-linux-x86_64 | 0.1.3 | 7.69 | 84.25 | 91.94 | OK | |
r-release-linux-x86_64 | 0.1.3 | 6.32 | 82.97 | 89.29 | OK | |
r-release-macos-arm64 | 0.1.3 | 34.00 | OK | |||
r-release-macos-x86_64 | 0.1.3 | 63.00 | OK | |||
r-release-windows-x86_64 | 0.1.3 | 11.00 | 81.00 | 92.00 | OK | |
r-oldrel-macos-arm64 | 0.1.3 | 34.00 | OK | |||
r-oldrel-macos-x86_64 | 0.1.3 | 53.00 | OK | |||
r-oldrel-windows-x86_64 | 0.1.3 | 13.00 | 98.00 | 111.00 | OK |
Version: 0.1.3
Check: data for non-ASCII characters
Result: NOTE
Note: found 38 marked UTF-8 strings
Flavors: r-devel-linux-x86_64-fedora-clang, r-devel-linux-x86_64-fedora-gcc