Last updated on 2024-06-29 11:49:28 CEST.
Flavor | Version | Tinstall | Tcheck | Ttotal | Status | Flags |
---|---|---|---|---|---|---|
r-devel-linux-x86_64-debian-clang | 1.0.1 | 5.81 | 63.22 | 69.03 | OK | |
r-devel-linux-x86_64-debian-gcc | 1.0.1 | 5.04 | 47.28 | 52.32 | OK | |
r-devel-linux-x86_64-fedora-clang | 1.0.1 | 53.36 | OK | |||
r-devel-linux-x86_64-fedora-gcc | 1.0.1 | 68.44 | OK | |||
r-devel-windows-x86_64 | 1.0.1 | 8.00 | 71.00 | 79.00 | OK | |
r-patched-linux-x86_64 | 0.5.1 | 6.55 | 58.06 | 64.61 | NOTE | |
r-release-linux-x86_64 | 0.5.1 | 4.62 | 59.96 | 64.58 | NOTE | |
r-release-macos-arm64 | 1.0.1 | 51.00 | OK | |||
r-release-macos-x86_64 | 1.0.1 | 111.00 | OK | |||
r-release-windows-x86_64 | 0.5.1 | 7.00 | 78.00 | 85.00 | NOTE | |
r-oldrel-macos-arm64 | 1.0.1 | 54.00 | ERROR | |||
r-oldrel-macos-x86_64 | 1.0.1 | 92.00 | ERROR | |||
r-oldrel-windows-x86_64 | 1.0.1 | 9.00 | 75.00 | 84.00 | OK |
Version: 0.5.1
Check: LazyData
Result: NOTE
'LazyData' is specified without a 'data' directory
Flavors: r-patched-linux-x86_64, r-release-linux-x86_64, r-release-windows-x86_64
Version: 1.0.1
Check: running R code from vignettes
Result: ERROR
Errors in running code in vignettes:
when running code in ‘getting-started.Rmd’
...
> zoltar_connection <- new_connection(host = Sys.getenv("Z_HOST"))
> zoltar_authenticate(zoltar_connection, Sys.getenv("Z_USERNAME"),
+ Sys.getenv("Z_PASSWORD"))
get_token(): POST: /api-token-auth/
When sourcing ‘getting-started.R’:
Error: URL using bad/illegal format or missing URL
Execution halted
when running code in ‘project-owners.Rmd’
...
> zoltar_connection <- new_connection(host = Sys.getenv("Z_HOST"))
> zoltar_authenticate(zoltar_connection, Sys.getenv("Z_USERNAME"),
+ Sys.getenv("Z_PASSWORD"))
get_token(): POST: /api-token-auth/
When sourcing ‘project-owners.R’:
Error: URL using bad/illegal format or missing URL
Execution halted
‘getting-started.Rmd’ using ‘UTF-8’... failed
‘project-owners.Rmd’ using ‘UTF-8’... failed
Flavors: r-oldrel-macos-arm64, r-oldrel-macos-x86_64