Last updated on 2024-07-02 01:57:26 CEST.
Flavor | Version | Tinstall | Tcheck | Ttotal | Status | Flags |
---|---|---|---|---|---|---|
r-devel-linux-x86_64-debian-clang | 1.3.1 | 228.76 | 196.87 | 425.63 | NOTE | |
r-devel-linux-x86_64-debian-gcc | 1.3.1 | 160.85 | 158.93 | 319.78 | NOTE | |
r-devel-linux-x86_64-fedora-clang | 1.3.1 | 483.49 | NOTE | |||
r-devel-linux-x86_64-fedora-gcc | 1.3.1 | 619.45 | NOTE | |||
r-devel-windows-x86_64 | 1.3.1 | 154.00 | 212.00 | 366.00 | NOTE | |
r-patched-linux-x86_64 | 1.3.1 | 145.07 | 197.76 | 342.83 | NOTE | |
r-release-linux-x86_64 | 1.3.1 | 145.75 | 194.84 | 340.59 | NOTE | |
r-release-macos-arm64 | 1.3.1 | 160.00 | NOTE | |||
r-release-macos-x86_64 | 1.3.1 | 252.00 | NOTE | |||
r-release-windows-x86_64 | 1.3.1 | 158.00 | 211.00 | 369.00 | NOTE | |
r-oldrel-macos-arm64 | 1.3.1 | 132.00 | NOTE | |||
r-oldrel-macos-x86_64 | 1.3.1 | 276.00 | NOTE | |||
r-oldrel-windows-x86_64 | 1.3.1 | 201.00 | 267.00 | 468.00 | NOTE |
Version: 1.3.1
Check: for GNU extensions in Makefiles
Result: NOTE
GNU make is a SystemRequirements.
Flavors: r-devel-linux-x86_64-debian-clang, r-devel-linux-x86_64-debian-gcc, r-devel-linux-x86_64-fedora-clang, r-devel-linux-x86_64-fedora-gcc, r-devel-windows-x86_64, r-patched-linux-x86_64, r-release-linux-x86_64, r-release-macos-arm64, r-release-macos-x86_64, r-release-windows-x86_64, r-oldrel-macos-arm64, r-oldrel-macos-x86_64, r-oldrel-windows-x86_64
Version: 1.3.1
Check: dependencies in R code
Result: NOTE
Namespaces in Imports field not imported from:
‘RcppParallel’ ‘rstantools’
All declared Imports should be used.
Flavors: r-devel-linux-x86_64-fedora-clang, r-devel-linux-x86_64-fedora-gcc
Version: 1.3.1
Check: Rd cross-references
Result: NOTE
Undeclared package ‘loo’ in Rd xrefs
Flavor: r-devel-linux-x86_64-fedora-clang
Version: 1.3.1
Check: installed package size
Result: NOTE
installed size is 46.7Mb
sub-directories of 1Mb or more:
libs 46.2Mb
Flavors: r-release-macos-arm64, r-release-macos-x86_64, r-oldrel-macos-arm64, r-oldrel-macos-x86_64