Last updated on 2025-07-28 13:49:51 CEST.
Flavor | Version | Tinstall | Tcheck | Ttotal | Status | Flags |
---|---|---|---|---|---|---|
r-devel-linux-x86_64-debian-clang | 1.0.6 | 10.65 | 128.94 | 139.59 | NOTE | |
r-devel-linux-x86_64-debian-gcc | 1.0.6 | 8.85 | 95.48 | 104.33 | NOTE | |
r-devel-linux-x86_64-fedora-clang | 1.0.6 | 223.90 | OK | |||
r-devel-linux-x86_64-fedora-gcc | 1.0.6 | 229.88 | OK | |||
r-devel-windows-x86_64 | 1.0.6 | 14.00 | 152.00 | 166.00 | NOTE | |
r-patched-linux-x86_64 | 1.0.6 | 15.92 | 123.50 | 139.42 | NOTE | |
r-release-linux-x86_64 | 1.0.6 | 10.36 | 124.33 | 134.69 | NOTE | |
r-release-macos-arm64 | 1.0.6 | 108.00 | OK | |||
r-release-macos-x86_64 | 1.0.6 | 144.00 | OK | |||
r-release-windows-x86_64 | 1.0.6 | 13.00 | 151.00 | 164.00 | NOTE | |
r-oldrel-macos-arm64 | 1.0.6 | 85.00 | OK | |||
r-oldrel-macos-x86_64 | 1.0.6 | 107.00 | OK | |||
r-oldrel-windows-x86_64 | 1.0.6 | 17.00 | 178.00 | 195.00 | OK |
Version: 1.0.6
Check: Rd cross-references
Result: NOTE
Found the following Rd file(s) with Rd \link{} targets missing package
anchors:
graph_pairs.Rd: graphNEL
Please provide package anchors for all Rd \link{} targets not in the
package itself and the base packages.
Flavors: r-devel-linux-x86_64-debian-clang, r-devel-linux-x86_64-debian-gcc, r-devel-windows-x86_64, r-patched-linux-x86_64, r-release-linux-x86_64, r-release-windows-x86_64
Version: 1.0.6
Check: for unstated dependencies in ‘demo’
Result: NOTE
'library' or 'require' calls not declared from:
‘crop’ ‘mvtnorm’
Flavors: r-devel-linux-x86_64-debian-clang, r-devel-linux-x86_64-debian-gcc, r-patched-linux-x86_64, r-release-linux-x86_64