CRAN Package Check Results for Package xpose.xtras

Last updated on 2025-05-01 08:52:50 CEST.

Flavor Version Tinstall Tcheck Ttotal Status Flags
r-devel-linux-x86_64-debian-clang 0.0.2 13.21 381.37 394.58 NOTE
r-devel-linux-x86_64-debian-gcc 0.0.2 8.90 261.81 270.71 OK
r-devel-linux-x86_64-fedora-clang 0.0.2 688.78 OK
r-devel-linux-x86_64-fedora-gcc 0.0.2 709.33 OK
r-devel-windows-x86_64 0.0.2 15.00 443.00 458.00 OK
r-patched-linux-x86_64 0.0.2 14.29 368.06 382.35 OK
r-release-linux-x86_64 OK
r-release-macos-arm64 0.0.2 212.00 OK
r-release-macos-x86_64 0.0.2 447.00 OK
r-release-windows-x86_64 0.0.2 16.00 448.00 464.00 OK
r-oldrel-macos-arm64 0.0.2 193.00 NOTE
r-oldrel-macos-x86_64 0.0.2 390.00 NOTE
r-oldrel-windows-x86_64 0.0.2 21.00 627.00 648.00 NOTE

Check Details

Version: 0.0.2
Check: examples
Result: NOTE Examples with CPU (user + system) or elapsed time > 5s user system elapsed expose_param 10.244 0.018 11.654 focus_xpdb 7.401 0.003 8.443 waterfalls 7.324 0.062 9.593 catdv_vs_dvprobs 6.259 0.302 8.851 modavg_xpdb 5.799 0.009 7.366 Flavor: r-devel-linux-x86_64-debian-clang

Version: 0.0.2
Check: examples
Result: NA user system elapsed expose_param 6.686 0.192 7.507 focus_xpdb 4.936 0.113 5.872 waterfalls 4.474 0.083 5.526 OK Flavor: r-devel-linux-x86_64-debian-gcc

Version: 0.0.2
Check: installed package size
Result: NOTE installed size is 7.5Mb sub-directories of 1Mb or more: data 2.3Mb doc 2.4Mb Flavors: r-oldrel-macos-arm64, r-oldrel-macos-x86_64, r-oldrel-windows-x86_64