Last updated on 2025-05-01 08:52:50 CEST.
Flavor | Version | Tinstall | Tcheck | Ttotal | Status | Flags |
---|---|---|---|---|---|---|
r-devel-linux-x86_64-debian-clang | 0.2.3 | 9.37 | 67.31 | 76.68 | OK | |
r-devel-linux-x86_64-debian-gcc | 0.2.3 | 5.63 | 46.48 | 52.11 | OK | |
r-devel-linux-x86_64-fedora-clang | 0.2.3 | 113.89 | OK | |||
r-devel-linux-x86_64-fedora-gcc | 0.2.3 | 117.01 | OK | |||
r-devel-windows-x86_64 | 0.2.3 | 12.00 | 79.00 | 91.00 | OK | |
r-patched-linux-x86_64 | 0.2.3 | 8.48 | 62.45 | 70.93 | OK | |
r-release-linux-x86_64 | OK | |||||
r-release-macos-arm64 | 0.2.3 | 36.00 | OK | |||
r-release-macos-x86_64 | 0.2.3 | 100.00 | OK | |||
r-release-windows-x86_64 | 0.2.3 | 13.00 | 85.00 | 98.00 | OK | |
r-oldrel-macos-arm64 | 0.2.3 | 40.00 | NOTE | |||
r-oldrel-macos-x86_64 | 0.2.3 | 56.00 | NOTE | |||
r-oldrel-windows-x86_64 | 0.2.3 | 12.00 | 92.00 | 104.00 | NOTE |
Version: 0.2.3
Check: LazyData
Result: NOTE
'LazyData' is specified without a 'data' directory
Flavors: r-oldrel-macos-arm64, r-oldrel-macos-x86_64, r-oldrel-windows-x86_64