Last updated on 2024-07-02 01:57:26 CEST.
Flavor | Version | Tinstall | Tcheck | Ttotal | Status | Flags |
---|---|---|---|---|---|---|
r-devel-linux-x86_64-debian-clang | 0.1.1 | 19.12 | 152.40 | 171.52 | OK | |
r-devel-linux-x86_64-debian-gcc | 0.1.1 | 14.37 | 110.00 | 124.37 | OK | |
r-devel-linux-x86_64-fedora-clang | 0.1.1 | 215.82 | NOTE | |||
r-devel-linux-x86_64-fedora-gcc | 0.1.1 | 198.21 | NOTE | |||
r-devel-windows-x86_64 | 0.1.1 | 12.00 | 104.00 | 116.00 | OK | |
r-patched-linux-x86_64 | 0.1.1 | 20.10 | 144.67 | 164.77 | OK | |
r-release-linux-x86_64 | 0.1.1 | 17.52 | 140.95 | 158.47 | OK | |
r-release-macos-arm64 | 0.1.1 | 84.00 | OK | |||
r-release-macos-x86_64 | 0.1.1 | 92.00 | OK | |||
r-release-windows-x86_64 | 0.1.1 | 14.00 | 105.00 | 119.00 | OK | |
r-oldrel-macos-arm64 | 0.1.1 | 55.00 | OK | |||
r-oldrel-macos-x86_64 | 0.1.1 | 100.00 | OK | |||
r-oldrel-windows-x86_64 | 0.1.1 | 17.00 | 127.00 | 144.00 | OK |
Version: 0.1.1
Check: dependencies in R code
Result: NOTE
Namespace in Imports field not imported from: ‘tcltk2’
All declared Imports should be used.
Flavors: r-devel-linux-x86_64-fedora-clang, r-devel-linux-x86_64-fedora-gcc