Last updated on 2025-07-24 18:54:08 CEST.
Flavor | Version | Tinstall | Tcheck | Ttotal | Status | Flags |
---|---|---|---|---|---|---|
r-devel-linux-x86_64-debian-clang | 1.13.1 | 23.05 | 281.61 | 304.66 | OK | |
r-devel-linux-x86_64-debian-gcc | 1.13.1 | 15.17 | 188.99 | 204.16 | OK | |
r-devel-linux-x86_64-fedora-clang | 1.13.1 | 426.98 | OK | |||
r-devel-linux-x86_64-fedora-gcc | 1.13.1 | 433.43 | OK | |||
r-devel-windows-x86_64 | 1.13.1 | 21.00 | 223.00 | 244.00 | OK | |
r-patched-linux-x86_64 | 1.13.1 | 22.79 | 270.14 | 292.93 | OK | |
r-release-linux-x86_64 | 1.13.1 | 19.79 | 270.04 | 289.83 | OK | |
r-release-macos-arm64 | 1.13.1 | 93.00 | OK | |||
r-release-macos-x86_64 | 1.13.1 | 199.00 | OK | |||
r-release-windows-x86_64 | 1.13.1 | 22.00 | 225.00 | 247.00 | OK | |
r-oldrel-macos-arm64 | 1.13.1 | 95.00 | NOTE | |||
r-oldrel-macos-x86_64 | 1.13.1 | 194.00 | NOTE | |||
r-oldrel-windows-x86_64 | 1.13.1 | 30.00 | 273.00 | 303.00 | NOTE |
Version: 1.13.1
Check: installed package size
Result: NOTE
installed size is 7.0Mb
sub-directories of 1Mb or more:
doc 3.3Mb
extdata 2.5Mb
Flavors: r-oldrel-macos-arm64, r-oldrel-macos-x86_64, r-oldrel-windows-x86_64