Last updated on 2024-06-29 11:49:27 CEST.
Flavor | Version | Tinstall | Tcheck | Ttotal | Status | Flags |
---|---|---|---|---|---|---|
r-devel-linux-x86_64-debian-clang | 3.0.0 | 2.75 | 55.04 | 57.79 | OK | |
r-devel-linux-x86_64-debian-gcc | 3.0.0 | 1.87 | 41.46 | 43.33 | OK | |
r-devel-linux-x86_64-fedora-clang | 3.0.0 | 75.82 | OK | |||
r-devel-linux-x86_64-fedora-gcc | 3.0.0 | 83.92 | OK | |||
r-devel-windows-x86_64 | 3.0.0 | 5.00 | 74.00 | 79.00 | OK | |
r-patched-linux-x86_64 | 3.0.0 | 3.65 | 53.42 | 57.07 | OK | |
r-release-linux-x86_64 | 3.0.0 | 3.33 | 53.25 | 56.58 | OK | |
r-release-macos-arm64 | 3.0.0 | 34.00 | ERROR | |||
r-release-macos-x86_64 | 3.0.0 | 52.00 | OK | |||
r-release-windows-x86_64 | 3.0.0 | 6.00 | 73.00 | 79.00 | OK | |
r-oldrel-macos-arm64 | 3.0.0 | 59.00 | OK | |||
r-oldrel-macos-x86_64 | 3.0.0 | 136.00 | OK | |||
r-oldrel-windows-x86_64 | 3.0.0 | 6.00 | 80.00 | 86.00 | OK |
Version: 3.0.0
Check: tests
Result: ERROR
Running ‘testthat.R’ [5s/6s]
Running the tests in ‘tests/testthat.R’ failed.
Complete output:
> library(testthat)
> library(withr)
>
> test_check("withr")
[ FAIL 0 | WARN 3 | SKIP 5 | PASS 382 ]
══ Skipped tests (5) ═══════════════════════════════════════════════════════════
Error in base::nchar(wide_chars$test, type = "width") :
cannot open file '/Volumes/Builds/packages/big-sur-arm64/Rlib/4.4/cli/R/sysdata.rdb': No such file or directory
Calls: test_check ... unicode_pre -> setup_unicode_width_fix -> <Anonymous>
Execution halted
No deferred expressions to run
No deferred expressions to run
Flavor: r-release-macos-arm64