Last updated on 2025-04-29 13:51:45 CEST.
Flavor | Version | Tinstall | Tcheck | Ttotal | Status | Flags |
---|---|---|---|---|---|---|
r-devel-linux-x86_64-debian-clang | 1.0.1 | 319.75 | 177.18 | 496.93 | OK | |
r-devel-linux-x86_64-debian-gcc | 1.0.1 | 302.99 | 148.63 | 451.62 | OK | |
r-devel-linux-x86_64-fedora-clang | 1.0.1 | 781.21 | OK | |||
r-devel-linux-x86_64-fedora-gcc | 1.0.1 | 977.77 | OK | |||
r-devel-windows-x86_64 | 1.0.1 | 354.00 | 204.00 | 558.00 | OK | |
r-patched-linux-x86_64 | 1.0.1 | 374.42 | 200.06 | 574.48 | OK | |
r-release-linux-x86_64 | 1.0.1 | 390.11 | 201.70 | 591.81 | OK | |
r-release-macos-arm64 | 1.0.1 | 182.00 | OK | |||
r-release-macos-x86_64 | 1.0.1 | 296.00 | OK | |||
r-release-windows-x86_64 | 1.0.1 | 338.00 | 203.00 | 541.00 | OK | |
r-oldrel-macos-arm64 | 1.0.1 | 106.00 | NOTE | |||
r-oldrel-macos-x86_64 | 1.0.1 | 133.00 | NOTE | |||
r-oldrel-windows-x86_64 | 1.0.1 | 395.00 | 247.00 | 642.00 | OK |
Version: 1.0.1
Check: installed package size
Result: NOTE
installed size is 57.6Mb
sub-directories of 1Mb or more:
libs 57.2Mb
Flavors: r-oldrel-macos-arm64, r-oldrel-macos-x86_64
Version: 1.0.1
Check: for GNU extensions in Makefiles
Result: NOTE
GNU make is a SystemRequirements.
Flavors: r-oldrel-macos-arm64, r-oldrel-macos-x86_64