Last updated on 2024-07-02 01:57:26 CEST.
Flavor | Version | Tinstall | Tcheck | Ttotal | Status | Flags |
---|---|---|---|---|---|---|
r-devel-linux-x86_64-debian-clang | 0.4.0 | 2.83 | 36.55 | 39.38 | OK | |
r-devel-linux-x86_64-debian-gcc | 0.4.0 | 2.74 | 27.69 | 30.43 | OK | |
r-devel-linux-x86_64-fedora-clang | 0.4.0 | 50.15 | NOTE | |||
r-devel-linux-x86_64-fedora-gcc | 0.4.0 | 59.01 | OK | |||
r-devel-windows-x86_64 | 0.4.0 | 4.00 | 51.00 | 55.00 | OK | |
r-patched-linux-x86_64 | 0.4.0 | 2.26 | 34.92 | 37.18 | OK | |
r-release-linux-x86_64 | 0.4.0 | 2.73 | 34.43 | 37.16 | OK | |
r-release-macos-arm64 | 0.4.0 | 26.00 | OK | |||
r-release-macos-x86_64 | 0.4.0 | 37.00 | OK | |||
r-release-windows-x86_64 | 0.4.0 | 5.00 | 51.00 | 56.00 | OK | |
r-oldrel-macos-arm64 | 0.4.0 | 28.00 | OK | |||
r-oldrel-macos-x86_64 | 0.4.0 | 35.00 | OK | |||
r-oldrel-windows-x86_64 | 0.4.0 | 7.00 | 55.00 | 62.00 | OK |
Version: 0.4.0
Check: Rd cross-references
Result: NOTE
Undeclared package ‘httr’ in Rd xrefs
Flavor: r-devel-linux-x86_64-fedora-clang