CRAN Package Check Results for Package webshot2

Last updated on 2025-05-08 16:54:39 CEST.

Flavor Version Tinstall Tcheck Ttotal Status Flags
r-devel-linux-x86_64-debian-clang 0.1.2 3.67 31.16 34.83 NOTE
r-devel-linux-x86_64-debian-gcc 0.1.2 2.35 24.83 27.18 NOTE
r-devel-linux-x86_64-fedora-clang 0.1.2 54.34 OK
r-devel-linux-x86_64-fedora-gcc 0.1.2 50.04 OK
r-devel-windows-x86_64 0.1.2 4.00 50.00 54.00 OK
r-patched-linux-x86_64 0.1.2 3.51 29.48 32.99 OK
r-release-linux-x86_64 0.1.2 3.23 29.44 32.67 OK
r-release-macos-arm64 0.1.2 21.00 OK
r-release-macos-x86_64 0.1.2 33.00 OK
r-release-windows-x86_64 0.1.2 5.00 51.00 56.00 OK
r-oldrel-macos-arm64 0.1.2 27.00 OK
r-oldrel-macos-x86_64 0.1.2 47.00 OK
r-oldrel-windows-x86_64 0.1.2 6.00 56.00 62.00 OK

Check Details

Version: 0.1.2
Check: DESCRIPTION meta-information
Result: NOTE Author field differs from that derived from Authors@R Author: ‘Winston Chang [aut, cre], Barret Schloerke [ctb] (<https://orcid.org/0000-0001-9986-114X>), Posit Software, PBC [cph, fnd] (03wc8by49)’ Authors@R: ‘Winston Chang [aut, cre], Barret Schloerke [ctb] (ORCID: <https://orcid.org/0000-0001-9986-114X>), Posit Software, PBC [cph, fnd] (ROR: <https://ror.org/03wc8by49>)’ Flavors: r-devel-linux-x86_64-debian-clang, r-devel-linux-x86_64-debian-gcc