Last updated on 2024-06-29 11:49:27 CEST.
Flavor | Version | Tinstall | Tcheck | Ttotal | Status | Flags |
---|---|---|---|---|---|---|
r-devel-linux-x86_64-debian-clang | 1.1.0 | 2.51 | 234.75 | 237.26 | NOTE | |
r-devel-linux-x86_64-debian-gcc | 1.1.0 | 1.80 | 153.66 | 155.46 | NOTE | |
r-devel-linux-x86_64-fedora-clang | 1.1.0 | 280.66 | NOTE | |||
r-devel-linux-x86_64-fedora-gcc | 1.1.0 | 281.15 | NOTE | |||
r-devel-windows-x86_64 | 1.1.0 | 3.00 | 192.00 | 195.00 | NOTE | |
r-patched-linux-x86_64 | 1.1.0 | 2.21 | 213.04 | 215.25 | NOTE | |
r-release-linux-x86_64 | 1.1.0 | 2.14 | 214.38 | 216.52 | NOTE | |
r-release-macos-arm64 | 1.1.0 | 63.00 | NOTE | |||
r-release-macos-x86_64 | 1.1.0 | 119.00 | NOTE | |||
r-release-windows-x86_64 | 1.1.0 | 3.00 | 193.00 | 196.00 | NOTE | |
r-oldrel-macos-arm64 | 1.1.0 | 79.00 | NOTE | |||
r-oldrel-macos-x86_64 | 1.1.0 | 128.00 | NOTE | |||
r-oldrel-windows-x86_64 | 1.1.0 | 3.00 | 228.00 | 231.00 | NOTE |
Version: 1.1.0
Check: LazyData
Result: NOTE
'LazyData' is specified without a 'data' directory
Flavors: r-devel-linux-x86_64-debian-clang, r-devel-linux-x86_64-debian-gcc, r-devel-linux-x86_64-fedora-clang, r-devel-linux-x86_64-fedora-gcc, r-devel-windows-x86_64, r-patched-linux-x86_64, r-release-linux-x86_64, r-release-macos-arm64, r-release-macos-x86_64, r-release-windows-x86_64, r-oldrel-macos-arm64, r-oldrel-macos-x86_64, r-oldrel-windows-x86_64