Last updated on 2024-07-22 20:55:57 CEST.
Flavor | Version | Tinstall | Tcheck | Ttotal | Status | Flags |
---|---|---|---|---|---|---|
r-devel-linux-x86_64-debian-clang | 1.0.2 | 2.30 | 24.77 | 27.07 | OK | |
r-devel-linux-x86_64-debian-gcc | 1.0.2 | 1.93 | 19.53 | 21.46 | NOTE | |
r-devel-linux-x86_64-fedora-clang | 1.0.2 | 35.09 | OK | |||
r-devel-linux-x86_64-fedora-gcc | 1.0.2 | 32.94 | OK | |||
r-devel-windows-x86_64 | 1.0.2 | 3.00 | 42.00 | 45.00 | NOTE | |
r-patched-linux-x86_64 | 1.0.2 | 2.82 | 24.54 | 27.36 | OK | |
r-release-linux-x86_64 | 1.0.2 | 2.46 | 24.31 | 26.77 | OK | |
r-release-macos-arm64 | 1.0.2 | 16.00 | OK | |||
r-release-macos-x86_64 | 1.0.2 | 31.00 | OK | |||
r-release-windows-x86_64 | 1.0.2 | 3.00 | 42.00 | 45.00 | OK | |
r-oldrel-macos-arm64 | 1.0.2 | 17.00 | OK | |||
r-oldrel-macos-x86_64 | 1.0.2 | 21.00 | OK | |||
r-oldrel-windows-x86_64 | 1.0.2 | 3.00 | 39.00 | 42.00 | OK |
Version: 1.0.2
Check: Rd cross-references
Result: NOTE
Found the following Rd file(s) with Rd \link{} targets missing package
anchors:
waterfallchart.Rd: barchart, bwplot
Please provide package anchors for all Rd \link{} targets not in the
package itself and the base packages.
Flavors: r-devel-linux-x86_64-debian-gcc, r-devel-windows-x86_64