CRAN Package Check Results for Package walkscore

Last updated on 2025-05-10 04:51:59 CEST.

Flavor Version Tinstall Tcheck Ttotal Status Flags
r-devel-linux-x86_64-debian-clang 0.1.2 1.50 19.27 20.77 NOTE
r-devel-linux-x86_64-debian-gcc 0.1.2 1.31 16.00 17.31 NOTE
r-devel-linux-x86_64-fedora-clang 0.1.2 30.83 NOTE
r-devel-linux-x86_64-fedora-gcc 0.1.2 29.86 NOTE
r-devel-windows-x86_64 0.1.2 3.00 44.00 47.00 NOTE
r-patched-linux-x86_64 0.1.2 1.75 17.57 19.32 NOTE
r-release-linux-x86_64 0.1.2 1.73 17.36 19.09 NOTE
r-release-macos-arm64 0.1.2 15.00 NOTE
r-release-macos-x86_64 0.1.2 26.00 NOTE
r-release-windows-x86_64 0.1.2 4.00 46.00 50.00 NOTE
r-oldrel-macos-arm64 0.1.2 14.00 OK
r-oldrel-macos-x86_64 0.1.2 21.00 OK
r-oldrel-windows-x86_64 0.1.2 4.00 47.00 51.00 OK

Check Details

Version: 0.1.2
Check: DESCRIPTION meta-information
Result: NOTE Missing dependency on R >= 4.1.0 because package code uses the pipe |> or function shorthand \(...) syntax added in R 4.1.0. File(s) using such syntax: ‘walkscore.R’ Flavors: r-devel-linux-x86_64-debian-clang, r-devel-linux-x86_64-debian-gcc, r-devel-linux-x86_64-fedora-clang, r-devel-linux-x86_64-fedora-gcc, r-devel-windows-x86_64, r-patched-linux-x86_64, r-release-linux-x86_64, r-release-macos-arm64, r-release-macos-x86_64, r-release-windows-x86_64