Last updated on 2025-05-28 12:49:50 CEST.
Flavor | Version | Tinstall | Tcheck | Ttotal | Status | Flags |
---|---|---|---|---|---|---|
r-devel-linux-x86_64-debian-clang | 1.0.0 | 18.06 | 167.84 | 185.90 | OK | |
r-devel-linux-x86_64-debian-gcc | 1.0.0 | 13.11 | 119.11 | 132.22 | OK | |
r-devel-linux-x86_64-fedora-clang | 1.0.0 | 291.06 | OK | |||
r-devel-linux-x86_64-fedora-gcc | 1.0.0 | 278.35 | OK | |||
r-devel-windows-x86_64 | 1.0.0 | 19.00 | 149.00 | 168.00 | OK | |
r-patched-linux-x86_64 | 1.0.0 | 16.19 | 160.96 | 177.15 | OK | |
r-release-linux-x86_64 | 1.0.0 | 18.78 | 163.57 | 182.35 | OK | |
r-release-macos-arm64 | 1.0.0 | 72.00 | OK | |||
r-release-macos-x86_64 | 1.0.0 | 168.00 | OK | |||
r-release-windows-x86_64 | 1.0.0 | 19.00 | 151.00 | 170.00 | OK | |
r-oldrel-macos-arm64 | 1.0.0 | 74.00 | NOTE | |||
r-oldrel-macos-x86_64 | 1.0.0 | 132.00 | NOTE | |||
r-oldrel-windows-x86_64 | 1.0.0 | 24.00 | 205.00 | 229.00 | NOTE |
Version: 1.0.0
Check: LazyData
Result: NOTE
'LazyData' is specified without a 'data' directory
Flavors: r-oldrel-macos-arm64, r-oldrel-macos-x86_64, r-oldrel-windows-x86_64