CRAN Package Check Results for Package us.census.geoheader

Last updated on 2025-05-11 17:49:18 CEST.

Flavor Version Tinstall Tcheck Ttotal Status Flags
r-devel-linux-x86_64-debian-clang 1.0.2 1.75 20.84 22.59 OK
r-devel-linux-x86_64-debian-gcc 1.0.2 1.28 16.44 17.72 OK
r-devel-linux-x86_64-fedora-clang 1.0.2 35.85 OK
r-devel-linux-x86_64-fedora-gcc 1.0.2 47.10 OK
r-devel-windows-x86_64 1.0.2 3.00 42.00 45.00 OK
r-patched-linux-x86_64 1.0.2 1.78 19.72 21.50 OK
r-release-linux-x86_64 1.0.2 1.56 19.79 21.35 OK
r-release-macos-arm64 1.0.2 35.00 OK
r-release-macos-x86_64 1.0.2 35.00 OK
r-release-windows-x86_64 1.0.2 3.00 45.00 48.00 OK
r-oldrel-macos-arm64 1.0.2 24.00 NOTE
r-oldrel-macos-x86_64 1.0.2 35.00 NOTE
r-oldrel-windows-x86_64 1.0.2 3.00 48.00 51.00 NOTE

Check Details

Version: 1.0.2
Check: LazyData
Result: NOTE 'LazyData' is specified without a 'data' directory Flavors: r-oldrel-macos-arm64, r-oldrel-macos-x86_64, r-oldrel-windows-x86_64