Last updated on 2025-05-19 20:50:09 CEST.
Flavor | Version | Tinstall | Tcheck | Ttotal | Status | Flags |
---|---|---|---|---|---|---|
r-devel-linux-x86_64-debian-clang | 0.1.0 | 38.45 | 314.31 | 352.76 | NOTE | |
r-devel-linux-x86_64-debian-gcc | 0.1.0 | 25.26 | 205.42 | 230.68 | NOTE | |
r-devel-linux-x86_64-fedora-clang | 0.1.0 | 569.44 | NOTE | |||
r-devel-linux-x86_64-fedora-gcc | 0.1.0 | 537.35 | NOTE | |||
r-devel-windows-x86_64 | 0.1.0 | 37.00 | 245.00 | 282.00 | NOTE | |
r-patched-linux-x86_64 | 0.1.0 | 40.96 | 293.72 | 334.68 | NOTE | |
r-release-linux-x86_64 | 0.1.0 | 35.91 | 293.49 | 329.40 | NOTE | |
r-release-macos-arm64 | 0.1.0 | 117.00 | NOTE | |||
r-release-macos-x86_64 | 0.1.0 | 298.00 | OK | |||
r-release-windows-x86_64 | 0.1.0 | 35.00 | 251.00 | 286.00 | NOTE | |
r-oldrel-macos-arm64 | 0.1.0 | 118.00 | OK | |||
r-oldrel-macos-x86_64 | 0.1.0 | 350.00 | OK | |||
r-oldrel-windows-x86_64 | 0.1.0 | 47.00 | 329.00 | 376.00 | OK |
Version: 0.1.0
Check: DESCRIPTION meta-information
Result: NOTE
Missing dependency on R >= 4.1.0 because package code uses the pipe
|> or function shorthand \(...) syntax added in R 4.1.0.
File(s) using such syntax:
‘augment_gazetteer.Rd’ ‘locate_event.Rd’
Flavors: r-devel-linux-x86_64-debian-clang, r-devel-linux-x86_64-debian-gcc, r-devel-linux-x86_64-fedora-clang, r-devel-linux-x86_64-fedora-gcc, r-devel-windows-x86_64, r-patched-linux-x86_64, r-release-linux-x86_64, r-release-macos-arm64, r-release-windows-x86_64