CRAN Package Check Results for Package tvm

Last updated on 2025-07-24 18:54:07 CEST.

Flavor Version Tinstall Tcheck Ttotal Status Flags
r-devel-linux-x86_64-debian-clang 0.5.2 5.67 57.79 63.46 NOTE
r-devel-linux-x86_64-debian-gcc 0.5.2 4.03 43.08 47.11 NOTE
r-devel-linux-x86_64-fedora-clang 0.5.2 106.48 OK
r-devel-linux-x86_64-fedora-gcc 0.5.2 106.60 OK
r-devel-windows-x86_64 0.5.2 8.00 74.00 82.00 OK
r-patched-linux-x86_64 0.5.2 4.85 52.19 57.04 OK
r-release-linux-x86_64 0.5.2 5.37 53.54 58.91 OK
r-release-macos-arm64 0.5.2 34.00 OK
r-release-macos-x86_64 0.5.2 62.00 OK
r-release-windows-x86_64 0.5.2 8.00 75.00 83.00 OK
r-oldrel-macos-arm64 0.5.2 33.00 OK
r-oldrel-macos-x86_64 0.5.2 55.00 OK
r-oldrel-windows-x86_64 0.5.2 10.00 91.00 101.00 OK

Check Details

Version: 0.5.2
Check: CRAN incoming feasibility
Result: NOTE Maintainer: ‘Juan Manuel Truppia <jmtruppia@gmail.com>’ No Authors@R field in DESCRIPTION. Please add one, modifying Authors@R: person(given = c("Juan", "Manuel"), family = "Truppia", role = c("aut", "cre"), email = "jmtruppia@gmail.com") as necessary. Flavors: r-devel-linux-x86_64-debian-clang, r-devel-linux-x86_64-debian-gcc