Last updated on 2025-05-09 22:50:05 CEST.
Flavor | Version | Tinstall | Tcheck | Ttotal | Status | Flags |
---|---|---|---|---|---|---|
r-devel-linux-x86_64-debian-clang | 0.0.4 | 2.34 | 26.01 | 28.35 | NOTE | |
r-devel-linux-x86_64-debian-gcc | 0.0.4 | 1.81 | 20.12 | 21.93 | NOTE | |
r-devel-linux-x86_64-fedora-clang | 0.0.4 | 44.94 | OK | |||
r-devel-linux-x86_64-fedora-gcc | 0.0.4 | 43.58 | OK | |||
r-devel-windows-x86_64 | 0.0.4 | 3.00 | 51.00 | 54.00 | OK | |
r-patched-linux-x86_64 | 0.0.4 | 2.21 | 25.32 | 27.53 | OK | |
r-release-linux-x86_64 | 0.0.4 | 2.23 | 25.52 | 27.75 | OK | |
r-release-macos-arm64 | 0.0.4 | 20.00 | OK | |||
r-release-macos-x86_64 | 0.0.4 | 40.00 | OK | |||
r-release-windows-x86_64 | 0.0.4 | 4.00 | 53.00 | 57.00 | OK | |
r-oldrel-macos-arm64 | 0.0.4 | 17.00 | OK | |||
r-oldrel-macos-x86_64 | 0.0.4 | 25.00 | OK | |||
r-oldrel-windows-x86_64 | 0.0.4 | 3.00 | 57.00 | 60.00 | OK |
Version: 0.0.4
Check: CRAN incoming feasibility
Result: NOTE
Maintainer: ‘Julia Wilkerson <jmwilkers@outlook.com>’
No Authors@R field in DESCRIPTION.
Please add one, modifying
Authors@R: person(given = "Julia",
family = "Wilkerson",
role = c("aut", "cre"),
email = "jmwilkers@outlook.com")
as necessary.
Flavors: r-devel-linux-x86_64-debian-clang, r-devel-linux-x86_64-debian-gcc