Last updated on 2024-06-29 23:50:06 CEST.
Flavor | Version | Tinstall | Tcheck | Ttotal | Status | Flags |
---|---|---|---|---|---|---|
r-devel-linux-x86_64-debian-clang | 0.4.15 | 49.55 | 132.73 | 182.28 | NOTE | |
r-devel-linux-x86_64-debian-gcc | 0.4.15 | 42.05 | 94.33 | 136.38 | NOTE | |
r-devel-linux-x86_64-fedora-clang | 0.4.15 | 265.29 | NOTE | |||
r-devel-linux-x86_64-fedora-gcc | 0.4.15 | 254.28 | NOTE | |||
r-devel-windows-x86_64 | 0.4.15 | 52.00 | 147.00 | 199.00 | NOTE | |
r-patched-linux-x86_64 | 0.4.15 | 45.44 | 126.63 | 172.07 | NOTE | |
r-release-linux-x86_64 | 0.4.15 | 49.55 | 128.57 | 178.12 | NOTE | |
r-release-macos-arm64 | 0.4.15 | 66.00 | NOTE | |||
r-release-macos-x86_64 | 0.4.15 | 104.00 | NOTE | |||
r-release-windows-x86_64 | 0.4.15 | 50.00 | 152.00 | 202.00 | NOTE | |
r-oldrel-macos-arm64 | 0.4.15 | 71.00 | NOTE | |||
r-oldrel-macos-x86_64 | 0.4.15 | 114.00 | NOTE | |||
r-oldrel-windows-x86_64 | 0.4.15 | 60.00 | 167.00 | 227.00 | NOTE |
Version: 0.4.15
Check: C++ specification
Result: NOTE
Specified C++11: please drop specification unless essential
Flavors: r-devel-linux-x86_64-debian-clang, r-devel-linux-x86_64-debian-gcc, r-devel-linux-x86_64-fedora-clang, r-devel-linux-x86_64-fedora-gcc, r-devel-windows-x86_64, r-patched-linux-x86_64, r-release-linux-x86_64, r-release-macos-arm64, r-release-macos-x86_64, r-release-windows-x86_64, r-oldrel-macos-arm64, r-oldrel-macos-x86_64, r-oldrel-windows-x86_64
Version: 0.4.15
Check: for GNU extensions in Makefiles
Result: NOTE
GNU make is a SystemRequirements.
Flavors: r-devel-linux-x86_64-debian-clang, r-devel-linux-x86_64-debian-gcc, r-devel-linux-x86_64-fedora-clang, r-devel-linux-x86_64-fedora-gcc, r-devel-windows-x86_64, r-patched-linux-x86_64, r-release-linux-x86_64, r-release-macos-arm64, r-release-macos-x86_64, r-release-windows-x86_64, r-oldrel-macos-arm64, r-oldrel-macos-x86_64, r-oldrel-windows-x86_64
Version: 0.4.15
Check: installed package size
Result: NOTE
installed size is 6.3Mb
sub-directories of 1Mb or more:
data 4.6Mb
Flavors: r-devel-linux-x86_64-fedora-clang, r-devel-windows-x86_64, r-release-macos-arm64, r-release-macos-x86_64, r-release-windows-x86_64, r-oldrel-macos-arm64, r-oldrel-macos-x86_64, r-oldrel-windows-x86_64