Last updated on 2025-07-23 05:49:01 CEST.
Flavor | Version | Tinstall | Tcheck | Ttotal | Status | Flags |
---|---|---|---|---|---|---|
r-devel-linux-x86_64-debian-clang | 1.0.0 | 33.69 | 138.00 | 171.69 | NOTE | |
r-devel-linux-x86_64-debian-gcc | 1.0.0 | 26.85 | 94.51 | 121.36 | NOTE | |
r-devel-linux-x86_64-fedora-clang | 1.0.0 | 255.53 | NOTE | |||
r-devel-linux-x86_64-fedora-gcc | 1.0.0 | 268.60 | NOTE | |||
r-devel-windows-x86_64 | 1.0.0 | 40.00 | 154.00 | 194.00 | NOTE | |
r-patched-linux-x86_64 | 1.0.0 | 34.00 | 126.12 | 160.12 | NOTE | |
r-release-linux-x86_64 | 1.0.0 | 32.79 | 126.68 | 159.47 | NOTE | |
r-release-macos-arm64 | 1.0.0 | 65.00 | NOTE | |||
r-release-macos-x86_64 | 1.0.0 | 133.00 | NOTE | |||
r-release-windows-x86_64 | 1.0.0 | 41.00 | 158.00 | 199.00 | NOTE | |
r-oldrel-macos-arm64 | 1.0.0 | 65.00 | NOTE | |||
r-oldrel-macos-x86_64 | 1.0.0 | 102.00 | NOTE | |||
r-oldrel-windows-x86_64 | 1.0.0 | 51.00 | 200.00 | 251.00 | NOTE |
Version: 1.0.0
Check: Rd files
Result: NOTE
checkRd: (-1) tsBSS-package.Rd:23: Lost braces in \itemize; meant \describe ?
checkRd: (-1) tsBSS-package.Rd:24: Lost braces in \itemize; meant \describe ?
checkRd: (-1) tsBSS-package.Rd:25: Lost braces in \itemize; meant \describe ?
checkRd: (-1) tsBSS-package.Rd:26: Lost braces in \itemize; meant \describe ?
checkRd: (-1) tsBSS-package.Rd:27: Lost braces in \itemize; meant \describe ?
checkRd: (-1) tsBSS-package.Rd:28: Lost braces in \itemize; meant \describe ?
checkRd: (-1) tsBSS-package.Rd:34: Lost braces in \itemize; meant \describe ?
Flavors: r-devel-linux-x86_64-debian-clang, r-devel-linux-x86_64-debian-gcc, r-devel-linux-x86_64-fedora-clang, r-devel-linux-x86_64-fedora-gcc, r-devel-windows-x86_64, r-patched-linux-x86_64, r-release-linux-x86_64, r-release-macos-arm64, r-release-macos-x86_64, r-release-windows-x86_64, r-oldrel-macos-arm64, r-oldrel-macos-x86_64, r-oldrel-windows-x86_64