Last updated on 2025-11-15 12:49:51 CET.
| Flavor | Version | Tinstall | Tcheck | Ttotal | Status | Flags |
|---|---|---|---|---|---|---|
| r-devel-linux-x86_64-debian-clang | 1.0.0 | 5.26 | 48.11 | 53.37 | NOTE | |
| r-devel-linux-x86_64-debian-gcc | 1.0.0 | 3.93 | 36.28 | 40.21 | NOTE | |
| r-devel-linux-x86_64-fedora-clang | 1.0.0 | 15.00 | 66.58 | 81.58 | OK | |
| r-devel-linux-x86_64-fedora-gcc | 1.0.0 | 15.00 | 69.94 | 84.94 | OK | |
| r-devel-windows-x86_64 | 1.0.0 | 8.00 | 60.00 | 68.00 | OK | |
| r-patched-linux-x86_64 | 1.0.0 | 5.43 | 44.88 | 50.31 | OK | |
| r-release-linux-x86_64 | 1.0.0 | 5.32 | 44.79 | 50.11 | OK | |
| r-release-macos-arm64 | 1.0.0 | 5.00 | 40.00 | 45.00 | OK | |
| r-release-macos-x86_64 | 1.0.0 | 5.00 | 51.00 | 56.00 | OK | |
| r-release-windows-x86_64 | 1.0.0 | 8.00 | 63.00 | 71.00 | OK | |
| r-oldrel-macos-arm64 | 1.0.0 | 3.00 | 23.00 | 26.00 | OK | |
| r-oldrel-macos-x86_64 | 1.0.0 | 4.00 | 37.00 | 41.00 | OK | |
| r-oldrel-windows-x86_64 | 1.0.0 | 10.00 | 71.00 | 81.00 | OK |
Version: 1.0.0
Check: CRAN incoming feasibility
Result: NOTE
Maintainer: ‘Phil Mike Jones <philmikejones@gmail.com>’
Found the following (possibly) invalid file URI:
URI: CODE_OF_CONDUCT.md
From: README.md
Flavors: r-devel-linux-x86_64-debian-clang, r-devel-linux-x86_64-debian-gcc