Last updated on 2024-06-29 11:49:26 CEST.
Flavor | Version | Tinstall | Tcheck | Ttotal | Status | Flags |
---|---|---|---|---|---|---|
r-devel-linux-x86_64-debian-clang | 0.1.0 | 11.38 | 151.63 | 163.01 | OK | |
r-devel-linux-x86_64-debian-gcc | 0.1.0 | 10.55 | 109.98 | 120.53 | OK | |
r-devel-linux-x86_64-fedora-clang | 0.1.0 | 205.00 | OK | |||
r-devel-linux-x86_64-fedora-gcc | 0.1.0 | 194.78 | OK | |||
r-devel-windows-x86_64 | 0.1.0 | 12.00 | 120.00 | 132.00 | OK | |
r-patched-linux-x86_64 | 0.1.0 | 11.48 | 140.36 | 151.84 | OK | |
r-release-linux-x86_64 | 0.1.0 | 12.57 | 142.44 | 155.01 | OK | |
r-release-macos-arm64 | 0.1.0 | 61.00 | OK | |||
r-release-macos-x86_64 | 0.1.0 | 86.00 | OK | |||
r-release-windows-x86_64 | 0.1.0 | 12.00 | 121.00 | 133.00 | OK | |
r-oldrel-macos-arm64 | 0.1.0 | 65.00 | OK | |||
r-oldrel-macos-x86_64 | 0.1.0 | 105.00 | NOTE | |||
r-oldrel-windows-x86_64 | 0.1.0 | 14.00 | 145.00 | 159.00 | OK |
Version: 0.1.0
Check: package dependencies
Result: NOTE
Package suggested but not available for checking: ‘brms’
Flavor: r-oldrel-macos-x86_64
Version: 0.1.0
Check: Rd cross-references
Result: NOTE
Package unavailable to check Rd xrefs: ‘brms’
Flavor: r-oldrel-macos-x86_64