Last updated on 2024-07-02 19:48:25 CEST.
Flavor | Version | Tinstall | Tcheck | Ttotal | Status | Flags |
---|---|---|---|---|---|---|
r-devel-linux-x86_64-debian-clang | 1.1.4 | 108.35 | 44.57 | 152.92 | NOTE | |
r-devel-linux-x86_64-debian-gcc | 1.1.4 | 74.96 | 33.61 | 108.57 | NOTE | |
r-devel-linux-x86_64-fedora-clang | 1.1.4 | 253.58 | NOTE | |||
r-devel-linux-x86_64-fedora-gcc | 1.1.4 | 241.12 | NOTE | |||
r-devel-windows-x86_64 | 1.1.4 | 80.00 | 75.00 | 155.00 | NOTE | |
r-patched-linux-x86_64 | 1.1.4 | 90.20 | 42.57 | 132.77 | NOTE | |
r-release-linux-x86_64 | 1.1.4 | 94.33 | 42.91 | 137.24 | NOTE | |
r-release-macos-arm64 | 1.1.4 | 53.00 | NOTE | |||
r-release-macos-x86_64 | 1.1.4 | 60.00 | NOTE | |||
r-release-windows-x86_64 | 1.1.4 | 81.00 | 77.00 | 158.00 | NOTE | |
r-oldrel-macos-arm64 | 1.1.4 | 63.00 | NOTE | |||
r-oldrel-macos-x86_64 | 1.1.4 | 96.00 | NOTE | |||
r-oldrel-windows-x86_64 | 1.1.4 | 99.00 | 92.00 | 191.00 | NOTE |
Version: 1.1.4
Check: C++ specification
Result: NOTE
Specified C++11: please drop specification unless essential
Flavors: r-devel-linux-x86_64-debian-clang, r-devel-linux-x86_64-debian-gcc, r-devel-linux-x86_64-fedora-clang, r-devel-linux-x86_64-fedora-gcc, r-devel-windows-x86_64, r-patched-linux-x86_64, r-release-linux-x86_64, r-release-macos-arm64, r-release-macos-x86_64, r-release-windows-x86_64, r-oldrel-macos-arm64, r-oldrel-macos-x86_64, r-oldrel-windows-x86_64
Version: 1.1.4
Check: installed package size
Result: NOTE
installed size is 10.3Mb
sub-directories of 1Mb or more:
libs 10.2Mb
Flavors: r-release-macos-arm64, r-release-macos-x86_64, r-oldrel-macos-arm64, r-oldrel-macos-x86_64