Last updated on 2024-06-29 11:49:26 CEST.
Flavor | Version | Tinstall | Tcheck | Ttotal | Status | Flags |
---|---|---|---|---|---|---|
r-devel-linux-x86_64-debian-clang | 0.2.1 | 41.55 | 458.90 | 500.45 | OK | |
r-devel-linux-x86_64-debian-gcc | 0.2.1 | 40.53 | 338.47 | 379.00 | OK | |
r-devel-linux-x86_64-fedora-clang | 0.2.1 | 676.18 | OK | |||
r-devel-linux-x86_64-fedora-gcc | 0.2.1 | 611.41 | OK | |||
r-devel-windows-x86_64 | 0.2.1 | 39.00 | 298.00 | 337.00 | OK | |
r-patched-linux-x86_64 | 0.2.1 | 35.01 | 434.15 | 469.16 | OK | |
r-release-linux-x86_64 | 0.2.1 | 31.78 | 436.62 | 468.40 | OK | |
r-release-macos-arm64 | 0.2.1 | 186.00 | OK | |||
r-release-macos-x86_64 | 0.2.1 | 251.00 | OK | |||
r-release-windows-x86_64 | 0.2.1 | 39.00 | 305.00 | 344.00 | OK | |
r-oldrel-macos-arm64 | 0.2.1 | 9.00 | ERROR | |||
r-oldrel-macos-x86_64 | 0.2.1 | 11.00 | ERROR | |||
r-oldrel-windows-x86_64 | 0.2.1 | 52.00 | 401.00 | 453.00 | OK |
Version: 0.2.1
Check: package dependencies
Result: ERROR
Packages required but not available: 'csaw', 'HiCDOC'
See section ‘The DESCRIPTION file’ in the ‘Writing R Extensions’
manual.
Flavors: r-oldrel-macos-arm64, r-oldrel-macos-x86_64