Last updated on 2025-04-30 01:50:40 CEST.
Flavor | Version | Tinstall | Tcheck | Ttotal | Status | Flags |
---|---|---|---|---|---|---|
r-devel-linux-x86_64-debian-clang | 0.1.0 | 6.09 | 46.53 | 52.62 | NOTE | |
r-devel-linux-x86_64-debian-gcc | 0.1.0 | 4.28 | 34.69 | 38.97 | OK | |
r-devel-linux-x86_64-fedora-clang | 0.1.0 | 81.14 | OK | |||
r-devel-linux-x86_64-fedora-gcc | 0.1.0 | 75.42 | OK | |||
r-devel-windows-x86_64 | 0.1.0 | 7.00 | 67.00 | 74.00 | OK | |
r-patched-linux-x86_64 | 0.1.0 | 5.96 | 43.62 | 49.58 | OK | |
r-release-linux-x86_64 | 0.1.0 | 5.60 | 43.25 | 48.85 | OK | |
r-release-macos-arm64 | 0.1.0 | 37.00 | OK | |||
r-release-macos-x86_64 | 0.1.0 | 50.00 | OK | |||
r-release-windows-x86_64 | 0.1.0 | 8.00 | 65.00 | 73.00 | OK | |
r-oldrel-macos-arm64 | 0.1.0 | 33.00 | OK | |||
r-oldrel-macos-x86_64 | 0.1.0 | 65.00 | OK | |||
r-oldrel-windows-x86_64 | 0.1.0 | 9.00 | 72.00 | 81.00 | OK |
Version: 0.1.0
Check: examples
Result: NOTE
Examples with CPU (user + system) or elapsed time > 5s
user system elapsed
transport_ate 4.037 0.245 5.187
Flavor: r-devel-linux-x86_64-debian-clang