Last updated on 2024-06-29 11:49:26 CEST.
Flavor | Version | Tinstall | Tcheck | Ttotal | Status | Flags |
---|---|---|---|---|---|---|
r-devel-linux-x86_64-debian-clang | 0.1.0 | 60.54 | 39.69 | 100.23 | OK | |
r-devel-linux-x86_64-debian-gcc | 0.1.0 | 37.96 | 30.68 | 68.64 | OK | |
r-devel-linux-x86_64-fedora-clang | 0.1.0 | 149.99 | OK | |||
r-devel-linux-x86_64-fedora-gcc | 0.1.0 | 137.23 | OK | |||
r-devel-windows-x86_64 | 0.1.0 | 45.00 | 70.00 | 115.00 | OK | |
r-patched-linux-x86_64 | 0.1.0 | 44.44 | 39.43 | 83.87 | OK | |
r-release-linux-x86_64 | 0.1.0 | 47.83 | 38.35 | 86.18 | OK | |
r-release-macos-arm64 | 0.1.0 | 34.00 | NOTE | |||
r-release-macos-x86_64 | 0.1.0 | 41.00 | NOTE | |||
r-release-windows-x86_64 | 0.1.0 | 46.00 | 70.00 | 116.00 | OK | |
r-oldrel-macos-arm64 | 0.1.0 | 39.00 | NOTE | |||
r-oldrel-macos-x86_64 | 0.1.0 | 57.00 | NOTE | |||
r-oldrel-windows-x86_64 | 0.1.0 | 56.00 | 79.00 | 135.00 | OK |
Version: 0.1.0
Check: installed package size
Result: NOTE
installed size is 7.9Mb
sub-directories of 1Mb or more:
libs 7.8Mb
Flavors: r-release-macos-arm64, r-release-macos-x86_64, r-oldrel-macos-arm64, r-oldrel-macos-x86_64