Last updated on 2024-06-29 11:49:26 CEST.
Flavor | Version | Tinstall | Tcheck | Ttotal | Status | Flags |
---|---|---|---|---|---|---|
r-devel-linux-x86_64-debian-clang | 1.2.2 | 11.27 | 93.09 | 104.36 | NOTE | |
r-devel-linux-x86_64-debian-gcc | 1.2.2 | 10.54 | 68.29 | 78.83 | NOTE | |
r-devel-linux-x86_64-fedora-clang | 1.2.2 | 139.23 | NOTE | |||
r-devel-linux-x86_64-fedora-gcc | 1.2.2 | 122.48 | NOTE | |||
r-devel-windows-x86_64 | 1.2.2 | 13.00 | 83.00 | 96.00 | NOTE | |
r-patched-linux-x86_64 | 1.2.2 | 12.13 | 89.30 | 101.43 | NOTE | |
r-release-linux-x86_64 | 1.2.2 | 12.90 | 89.72 | 102.62 | NOTE | |
r-release-macos-arm64 | 1.2.2 | 39.00 | NOTE | |||
r-release-macos-x86_64 | 1.2.2 | 58.00 | NOTE | |||
r-release-windows-x86_64 | 1.2.2 | 14.00 | 83.00 | 97.00 | NOTE | |
r-oldrel-macos-arm64 | 1.2.2 | 43.00 | NOTE | |||
r-oldrel-macos-x86_64 | 1.2.2 | 70.00 | NOTE | |||
r-oldrel-windows-x86_64 | 1.2.2 | 17.00 | 102.00 | 119.00 | NOTE |
Version: 1.2.2
Check: LazyData
Result: NOTE
'LazyData' is specified without a 'data' directory
Flavors: r-devel-linux-x86_64-debian-clang, r-devel-linux-x86_64-debian-gcc, r-devel-linux-x86_64-fedora-clang, r-devel-linux-x86_64-fedora-gcc, r-devel-windows-x86_64, r-patched-linux-x86_64, r-release-linux-x86_64, r-release-macos-arm64, r-release-macos-x86_64, r-release-windows-x86_64, r-oldrel-macos-arm64, r-oldrel-macos-x86_64, r-oldrel-windows-x86_64