CRAN Package Check Results for Package topr

Last updated on 2025-04-29 19:50:50 CEST.

Flavor Version Tinstall Tcheck Ttotal Status Flags
r-devel-linux-x86_64-debian-clang 2.0.2 13.02 67.90 80.92 NOTE
r-devel-linux-x86_64-debian-gcc 2.0.2 8.60 45.49 54.09 NOTE
r-devel-linux-x86_64-fedora-clang 2.0.2 115.11 NOTE
r-devel-linux-x86_64-fedora-gcc 2.0.2 107.99 NOTE
r-devel-windows-x86_64 2.0.2 14.00 83.00 97.00 NOTE
r-patched-linux-x86_64 2.0.2 11.40 60.98 72.38 NOTE
r-release-linux-x86_64 2.0.2 12.55 62.20 74.75 NOTE
r-release-macos-arm64 2.0.2 36.00 NOTE
r-release-macos-x86_64 2.0.2 66.00 NOTE
r-release-windows-x86_64 2.0.2 16.00 87.00 103.00 NOTE
r-oldrel-macos-arm64 2.0.2 38.00 OK
r-oldrel-macos-x86_64 2.0.2 83.00 OK
r-oldrel-windows-x86_64 2.0.2 18.00 98.00 116.00 OK

Check Details

Version: 2.0.2
Check: DESCRIPTION meta-information
Result: NOTE Missing dependency on R >= 4.1.0 because package code uses the pipe |> or function shorthand \(...) syntax added in R 4.1.0. File(s) using such syntax: ‘dat_checks.R’ ‘setters_and_getters.R’ Flavors: r-devel-linux-x86_64-debian-clang, r-devel-linux-x86_64-debian-gcc, r-devel-linux-x86_64-fedora-clang, r-devel-linux-x86_64-fedora-gcc, r-devel-windows-x86_64, r-patched-linux-x86_64, r-release-linux-x86_64, r-release-macos-arm64, r-release-macos-x86_64, r-release-windows-x86_64

Version: 2.0.2
Check: examples
Result: NOTE Examples with CPU (user + system) or elapsed time > 5s user system elapsed topr 4.38 0.382 5.347 Flavor: r-devel-linux-x86_64-debian-clang