Last updated on 2025-10-31 14:49:56 CET.
| Flavor | Version | Tinstall | Tcheck | Ttotal | Status | Flags | 
|---|---|---|---|---|---|---|
| r-devel-linux-x86_64-debian-clang | 0.4 | 10.58 | 82.68 | 93.26 | NOTE | |
| r-devel-linux-x86_64-debian-gcc | 0.4 | 6.84 | 59.30 | 66.14 | NOTE | |
| r-devel-linux-x86_64-fedora-clang | 0.4 | 20.00 | 120.80 | 140.80 | NOTE | |
| r-devel-linux-x86_64-fedora-gcc | 0.4 | 70.00 | 65.01 | 135.01 | NOTE | |
| r-devel-windows-x86_64 | 0.4 | 11.00 | 89.00 | 100.00 | NOTE | |
| r-patched-linux-x86_64 | 0.4 | 8.94 | 75.82 | 84.76 | NOTE | |
| r-release-linux-x86_64 | 0.4 | 9.46 | 75.35 | 84.81 | NOTE | |
| r-release-macos-arm64 | 0.4 | 4.00 | 38.00 | 42.00 | NOTE | |
| r-release-macos-x86_64 | 0.4 | 9.00 | 67.00 | 76.00 | NOTE | |
| r-release-windows-x86_64 | 0.4 | 10.00 | 91.00 | 101.00 | NOTE | |
| r-oldrel-macos-arm64 | 0.4 | 4.00 | 39.00 | 43.00 | NOTE | |
| r-oldrel-macos-x86_64 | 0.4 | 9.00 | 65.00 | 74.00 | NOTE | |
| r-oldrel-windows-x86_64 | 0.4 | 15.00 | 113.00 | 128.00 | NOTE | 
Version: 0.4
Check: CRAN incoming feasibility
Result: NOTE
  Maintainer: ‘Paul Blanche <paulfblanche@gmail.com>’
  
  No Authors@R field in DESCRIPTION.
  Please add one, modifying
    Authors@R: person(given = "Paul",
                      family = "Blanche",
                      role = c("aut", "cre"),
                      email = "paulfblanche@gmail.com")
  as necessary.
  
  Package CITATION file contains call(s) to old-style personList() or
  as.personList().  Please use c() on person objects instead.
  Package CITATION file contains call(s) to old-style citEntry().  Please
  use bibentry() instead.
Flavors: r-devel-linux-x86_64-debian-clang, r-devel-linux-x86_64-debian-gcc
Version: 0.4
Check: Rd files
Result: NOTE
  checkRd: (-1) compare.Rd:46: Escaped LaTeX specials: \&
Flavors: r-devel-linux-x86_64-debian-clang, r-devel-linux-x86_64-debian-gcc, r-devel-linux-x86_64-fedora-clang, r-devel-linux-x86_64-fedora-gcc, r-devel-windows-x86_64, r-patched-linux-x86_64, r-release-linux-x86_64, r-release-macos-arm64, r-release-macos-x86_64, r-release-windows-x86_64, r-oldrel-macos-arm64, r-oldrel-macos-x86_64, r-oldrel-windows-x86_64