Last updated on 2024-06-29 11:49:26 CEST.
Flavor | Version | Tinstall | Tcheck | Ttotal | Status | Flags |
---|---|---|---|---|---|---|
r-devel-linux-x86_64-debian-clang | 0.3.2 | 22.65 | 143.24 | 165.89 | NOTE | |
r-devel-linux-x86_64-debian-gcc | 0.3.2 | 15.89 | 104.77 | 120.66 | NOTE | |
r-devel-linux-x86_64-fedora-clang | 0.3.2 | 207.07 | NOTE | |||
r-devel-linux-x86_64-fedora-gcc | 0.3.2 | 187.94 | NOTE | |||
r-devel-windows-x86_64 | 0.3.2 | 19.00 | 139.00 | 158.00 | NOTE | |
r-patched-linux-x86_64 | 0.3.2 | 20.57 | 135.87 | 156.44 | NOTE | |
r-release-linux-x86_64 | 0.3.2 | 17.95 | 136.72 | 154.67 | NOTE | |
r-release-macos-arm64 | 0.3.2 | 53.00 | NOTE | |||
r-release-macos-x86_64 | 0.3.2 | 79.00 | NOTE | |||
r-release-windows-x86_64 | 0.3.2 | 19.00 | 131.00 | 150.00 | NOTE | |
r-oldrel-macos-arm64 | 0.3.2 | 62.00 | OK | |||
r-oldrel-macos-x86_64 | 0.3.2 | 114.00 | OK | |||
r-oldrel-windows-x86_64 | 0.3.2 | 22.00 | 163.00 | 185.00 | OK |
Version: 0.3.2
Check: Rd files
Result: NOTE
checkRd: (-1) music.Rd:19: Lost braces in \itemize; meant \describe ?
checkRd: (-1) music.Rd:20: Lost braces in \itemize; meant \describe ?
checkRd: (-1) music.Rd:21: Lost braces in \itemize; meant \describe ?
checkRd: (-1) music.Rd:22: Lost braces in \itemize; meant \describe ?
checkRd: (-1) temperature.Rd:17: Lost braces in \itemize; meant \describe ?
checkRd: (-1) temperature.Rd:18: Lost braces in \itemize; meant \describe ?
checkRd: (-1) temperature.Rd:19: Lost braces in \itemize; meant \describe ?
checkRd: (-1) temperature.Rd:20: Lost braces in \itemize; meant \describe ?
checkRd: (-1) temperature.Rd:21: Lost braces in \itemize; meant \describe ?
checkRd: (-1) tips.Rd:21: Lost braces in \itemize; meant \describe ?
checkRd: (-1) tips.Rd:22: Lost braces in \itemize; meant \describe ?
checkRd: (-1) tips.Rd:23: Lost braces in \itemize; meant \describe ?
checkRd: (-1) tips.Rd:24: Lost braces in \itemize; meant \describe ?
checkRd: (-1) tips.Rd:25: Lost braces in \itemize; meant \describe ?
checkRd: (-1) tips.Rd:26: Lost braces in \itemize; meant \describe ?
checkRd: (-1) tips.Rd:27: Lost braces in \itemize; meant \describe ?
checkRd: (-1) tips.Rd:28: Lost braces in \itemize; meant \describe ?
checkRd: (-1) tornado.Rd:17: Lost braces in \itemize; meant \describe ?
checkRd: (-1) tornado.Rd:18: Lost braces in \itemize; meant \describe ?
checkRd: (-1) ucdavis1.Rd:17: Lost braces in \itemize; meant \describe ?
checkRd: (-1) ucdavis1.Rd:18: Lost braces in \itemize; meant \describe ?
checkRd: (-1) ucdavis1.Rd:19: Lost braces in \itemize; meant \describe ?
checkRd: (-1) ucdavis1.Rd:20: Lost braces in \itemize; meant \describe ?
checkRd: (-1) ucdavis1.Rd:21-22: Lost braces in \itemize; meant \describe ?
checkRd: (-1) ucdavis1.Rd:23: Lost braces in \itemize; meant \describe ?
checkRd: (-1) ucdavis1.Rd:24: Lost braces in \itemize; meant \describe ?
checkRd: (-1) ucdavis1.Rd:25: Lost braces in \itemize; meant \describe ?
checkRd: (-1) ucdavis1.Rd:26: Lost braces in \itemize; meant \describe ?
checkRd: (-1) ucdavis1.Rd:27: Lost braces in \itemize; meant \describe ?
checkRd: (-1) ucdavis1.Rd:28: Lost braces in \itemize; meant \describe ?
checkRd: (-1) ucdavis1.Rd:29-30: Lost braces in \itemize; meant \describe ?
Flavors: r-devel-linux-x86_64-debian-clang, r-devel-linux-x86_64-debian-gcc, r-devel-linux-x86_64-fedora-clang, r-devel-linux-x86_64-fedora-gcc, r-devel-windows-x86_64, r-patched-linux-x86_64, r-release-linux-x86_64, r-release-macos-arm64, r-release-macos-x86_64, r-release-windows-x86_64