Last updated on 2025-04-29 19:50:49 CEST.
Flavor | Version | Tinstall | Tcheck | Ttotal | Status | Flags |
---|---|---|---|---|---|---|
r-devel-linux-x86_64-debian-clang | 1.1.0 | 7.14 | 57.35 | 64.49 | NOTE | |
r-devel-linux-x86_64-debian-gcc | 1.1.0 | 4.44 | 41.91 | 46.35 | NOTE | |
r-devel-linux-x86_64-fedora-clang | 1.1.0 | 94.58 | OK | |||
r-devel-linux-x86_64-fedora-gcc | 1.1.0 | 82.82 | OK | |||
r-devel-windows-x86_64 | 1.1.0 | 8.00 | 69.00 | 77.00 | OK | |
r-patched-linux-x86_64 | 1.1.0 | 6.85 | 54.03 | 60.88 | OK | |
r-release-linux-x86_64 | 1.1.0 | 7.15 | 52.78 | 59.93 | OK | |
r-release-macos-arm64 | 1.1.0 | 28.00 | OK | |||
r-release-macos-x86_64 | 1.1.0 | 50.00 | OK | |||
r-release-windows-x86_64 | 1.1.0 | 9.00 | 70.00 | 79.00 | OK | |
r-oldrel-macos-arm64 | 1.1.0 | 33.00 | OK | |||
r-oldrel-macos-x86_64 | 1.1.0 | 40.00 | OK | |||
r-oldrel-windows-x86_64 | 1.1.0 | 10.00 | 83.00 | 93.00 | OK |
Version: 1.1.0
Check: CRAN incoming feasibility
Result: NOTE
Maintainer: ‘Will Kuan <aiien61will@gmail.com>’
No Authors@R field in DESCRIPTION.
Please add one, modifying
Authors@R: person(given = "Will",
family = "Kuan",
role = c("aut", "cre"),
email = "aiien61will@gmail.com")
as necessary.
Flavors: r-devel-linux-x86_64-debian-clang, r-devel-linux-x86_64-debian-gcc