Last updated on 2024-06-29 11:49:26 CEST.
Flavor | Version | Tinstall | Tcheck | Ttotal | Status | Flags |
---|---|---|---|---|---|---|
r-devel-linux-x86_64-debian-clang | 1.1.3 | 546.75 | 105.62 | 652.37 | NOTE | |
r-devel-linux-x86_64-debian-gcc | 1.1.3 | 335.89 | 79.22 | 415.11 | NOTE | |
r-devel-linux-x86_64-fedora-clang | 1.1.3 | 821.01 | NOTE | |||
r-devel-linux-x86_64-fedora-gcc | 1.1.3 | 913.77 | NOTE | |||
r-devel-windows-x86_64 | 1.1.3 | 313.00 | 139.00 | 452.00 | NOTE | |
r-patched-linux-x86_64 | 1.1.3 | 407.48 | 102.48 | 509.96 | NOTE | |
r-release-linux-x86_64 | 1.1.3 | 311.85 | 100.37 | 412.22 | NOTE | |
r-release-macos-arm64 | 1.1.3 | 192.00 | NOTE | |||
r-release-macos-x86_64 | 1.1.3 | 189.00 | NOTE | |||
r-release-windows-x86_64 | 1.1.3 | 334.00 | 134.00 | 468.00 | NOTE | |
r-oldrel-macos-arm64 | 1.1.3 | 267.00 | NOTE | |||
r-oldrel-macos-x86_64 | 1.1.3 | 464.00 | NOTE | |||
r-oldrel-windows-x86_64 | 1.1.3 | 419.00 | 178.00 | 597.00 | OK |
Version: 1.1.3
Check: Rd files
Result: NOTE
checkRd: (-1) get_tidysq_options.Rd:37: Lost braces
37 | \item tidysq_pillar_max_width [code{integer(1)}]\cr
| ^
checkRd: (-1) read_fasta.Rd:54-55: Lost braces in \itemize; \value handles \item{}{} directly
checkRd: (-1) read_fasta.Rd:56: Lost braces in \itemize; \value handles \item{}{} directly
Flavors: r-devel-linux-x86_64-debian-clang, r-devel-linux-x86_64-debian-gcc, r-devel-linux-x86_64-fedora-clang, r-devel-linux-x86_64-fedora-gcc, r-devel-windows-x86_64, r-patched-linux-x86_64, r-release-linux-x86_64, r-release-macos-arm64, r-release-macos-x86_64, r-release-windows-x86_64
Version: 1.1.3
Check: installed package size
Result: NOTE
installed size is 43.5Mb
sub-directories of 1Mb or more:
libs 42.7Mb
Flavors: r-release-macos-arm64, r-release-macos-x86_64, r-oldrel-macos-arm64, r-oldrel-macos-x86_64