Last updated on 2024-06-29 11:49:26 CEST.
Flavor | Version | Tinstall | Tcheck | Ttotal | Status | Flags |
---|---|---|---|---|---|---|
r-devel-linux-x86_64-debian-clang | 0.8.0 | 30.68 | 341.10 | 371.78 | OK | |
r-devel-linux-x86_64-debian-gcc | 0.8.0 | 25.06 | 241.33 | 266.39 | OK | |
r-devel-linux-x86_64-fedora-clang | 0.8.0 | 460.48 | NOTE | |||
r-devel-linux-x86_64-fedora-gcc | 0.8.0 | 402.83 | OK | |||
r-devel-windows-x86_64 | 0.8.0 | 26.00 | 242.00 | 268.00 | OK | |
r-patched-linux-x86_64 | 0.8.0 | 34.39 | 303.16 | 337.55 | OK | |
r-release-linux-x86_64 | 0.8.0 | 19.92 | 322.99 | 342.91 | OK | |
r-release-macos-arm64 | 0.8.0 | 122.00 | NOTE | |||
r-release-macos-x86_64 | 0.8.0 | 184.00 | OK | |||
r-release-windows-x86_64 | 0.8.0 | 26.00 | 243.00 | 269.00 | OK | |
r-oldrel-macos-arm64 | 0.8.0 | 118.00 | NOTE | |||
r-oldrel-macos-x86_64 | 0.8.0 | 283.00 | NOTE | |||
r-oldrel-windows-x86_64 | 0.8.0 | 35.00 | 315.00 | 350.00 | OK |
Version: 0.8.0
Check: Rd cross-references
Result: NOTE
Undeclared package ‘crosstalk’ in Rd xrefs
Flavor: r-devel-linux-x86_64-fedora-clang
Version: 0.8.0
Check: package dependencies
Result: NOTE
Package suggested but not available for checking: ‘SingleR’
Flavors: r-release-macos-arm64, r-oldrel-macos-arm64, r-oldrel-macos-x86_64