Last updated on 2025-11-27 12:49:56 CET.
| Flavor | Version | Tinstall | Tcheck | Ttotal | Status | Flags |
|---|---|---|---|---|---|---|
| r-devel-linux-x86_64-debian-clang | 1.0.0 | 8.79 | 97.66 | 106.45 | NOTE | |
| r-devel-linux-x86_64-debian-gcc | 1.0.0 | 6.62 | 70.98 | 77.60 | NOTE | |
| r-devel-linux-x86_64-fedora-clang | 1.0.0 | 45.00 | 134.69 | 179.69 | NOTE | |
| r-devel-linux-x86_64-fedora-gcc | 1.0.0 | 45.00 | 130.52 | 175.52 | NOTE | |
| r-devel-windows-x86_64 | 1.0.0 | 15.00 | 98.00 | 113.00 | NOTE | |
| r-patched-linux-x86_64 | 1.0.0 | 8.41 | 92.03 | 100.44 | NOTE | |
| r-release-linux-x86_64 | 1.0.0 | 8.96 | 92.64 | 101.60 | NOTE | |
| r-release-macos-arm64 | 1.0.0 | NOTE | ||||
| r-release-macos-x86_64 | 1.0.0 | 9.00 | 69.00 | 78.00 | NOTE | |
| r-release-windows-x86_64 | 1.0.0 | 15.00 | 105.00 | 120.00 | NOTE | |
| r-oldrel-macos-arm64 | 1.0.0 | OK | ||||
| r-oldrel-macos-x86_64 | 1.0.0 | 10.00 | 79.00 | 89.00 | OK | |
| r-oldrel-windows-x86_64 | 1.0.0 | 17.00 | 125.00 | 142.00 | OK |
Version: 1.0.0
Check: DESCRIPTION meta-information
Result: NOTE
Missing dependency on R >= 4.1.0 because package code uses the pipe
|> or function shorthand \(...) syntax added in R 4.1.0.
File(s) using such syntax:
‘tidymodl.R’ ‘tidymodl.Rd’
Flavors: r-devel-linux-x86_64-debian-clang, r-devel-linux-x86_64-debian-gcc, r-devel-linux-x86_64-fedora-clang, r-devel-linux-x86_64-fedora-gcc, r-devel-windows-x86_64, r-patched-linux-x86_64, r-release-linux-x86_64, r-release-macos-arm64, r-release-windows-x86_64
Version: 1.0.0
Check: DESCRIPTION meta-information
Result: NOTE
Missing dependency on R >= 4.1.0 because package code uses the pipe
|> or function shorthand \(...) syntax added in R 4.1.0.
File(s) using such syntax:
‘tidymodl.R’
Flavor: r-release-macos-x86_64