Last updated on 2024-06-29 11:49:26 CEST.
Flavor | Version | Tinstall | Tcheck | Ttotal | Status | Flags |
---|---|---|---|---|---|---|
r-devel-linux-x86_64-debian-clang | 1.3.1 | 19.22 | 105.09 | 124.31 | NOTE | |
r-devel-linux-x86_64-debian-gcc | 1.3.1 | 14.00 | 75.37 | 89.37 | NOTE | |
r-devel-linux-x86_64-fedora-clang | 1.3.1 | 156.96 | NOTE | |||
r-devel-linux-x86_64-fedora-gcc | 1.3.1 | 139.63 | NOTE | |||
r-devel-windows-x86_64 | 1.3.1 | 18.00 | 105.00 | 123.00 | NOTE | |
r-patched-linux-x86_64 | 1.3.1 | 17.22 | 99.13 | 116.35 | OK | |
r-release-linux-x86_64 | 1.3.1 | 15.98 | 100.18 | 116.16 | OK | |
r-release-macos-arm64 | 1.3.1 | 41.00 | OK | |||
r-release-macos-x86_64 | 1.3.1 | 63.00 | OK | |||
r-release-windows-x86_64 | 1.3.1 | 16.00 | 106.00 | 122.00 | OK | |
r-oldrel-macos-arm64 | 1.3.1 | 49.00 | OK | |||
r-oldrel-macos-x86_64 | 1.3.1 | 97.00 | OK | |||
r-oldrel-windows-x86_64 | 1.3.1 | 21.00 | 128.00 | 149.00 | OK |
Version: 1.3.1
Check: compiled code
Result: NOTE
File ‘tidygraph/libs/tidygraph.so’:
Found non-API calls to R: ‘SETLENGTH’, ‘SET_GROWABLE_BIT’,
‘SET_TRUELENGTH’
Compiled code should not call non-API entry points in R.
See ‘Writing portable packages’ in the ‘Writing R Extensions’ manual.
See section ‘Moving into C API compliance’ in the ‘Writing R
Extensions’ manual for issues with use of non-API entry points.
Flavors: r-devel-linux-x86_64-debian-clang, r-devel-linux-x86_64-debian-gcc, r-devel-linux-x86_64-fedora-clang
Version: 1.3.1
Check: compiled code
Result: NOTE
File ‘tidygraph/libs/tidygraph.so’:
Found non-API calls to R: ‘SETLENGTH’, ‘SET_GROWABLE_BIT’,
‘SET_TRUELENGTH’
Compiled code should not call non-API entry points in R.
See ‘Writing portable packages’ in the ‘Writing R Extensions’ manual.
Flavor: r-devel-linux-x86_64-fedora-gcc
Version: 1.3.1
Check: compiled code
Result: NOTE
File 'tidygraph/libs/x64/tidygraph.dll':
Found non-API calls to R: 'SETLENGTH', 'SET_GROWABLE_BIT',
'SET_TRUELENGTH'
Compiled code should not call non-API entry points in R.
See 'Writing portable packages' in the 'Writing R Extensions' manual.
See section 'Moving into C API compliance' in the 'Writing R
Extensions' manual for issues with use of non-API entry points.
Flavor: r-devel-windows-x86_64