CRAN Package Check Results for Package tidygeoRSS

Last updated on 2025-11-04 03:51:11 CET.

Flavor Version Tinstall Tcheck Ttotal Status Flags
r-devel-linux-x86_64-debian-clang 0.0.1 7.21 62.09 69.30 NOTE
r-devel-linux-x86_64-debian-gcc 0.0.1 5.69 45.54 51.23 NOTE
r-devel-linux-x86_64-fedora-clang 0.0.1 17.00 88.44 105.44 OK
r-devel-linux-x86_64-fedora-gcc 0.0.1 18.00 85.05 103.05 OK
r-devel-windows-x86_64 0.0.1 10.00 67.00 77.00 OK
r-patched-linux-x86_64 0.0.1 6.96 57.52 64.48 OK
r-release-linux-x86_64 0.0.1 6.53 56.12 62.65 OK
r-release-macos-arm64 0.0.1 4.00 35.00 39.00 OK
r-release-macos-x86_64 0.0.1 6.00 47.00 53.00 OK
r-release-windows-x86_64 0.0.1 10.00 67.00 77.00 OK
r-oldrel-macos-arm64 0.0.1 3.00 27.00 30.00 OK
r-oldrel-macos-x86_64 0.0.1 5.00 39.00 44.00 OK
r-oldrel-windows-x86_64 0.0.1 11.00 84.00 95.00 OK

Check Details

Version: 0.0.1
Check: CRAN incoming feasibility
Result: NOTE Maintainer: ‘Robert Myles McDonnell <robertmylesmcdonnell@gmail.com>’ No Authors@R field in DESCRIPTION. Please add one, modifying Authors@R: person(given = c("Robert", "Myles"), family = "McDonnell", role = c("aut", "cre"), email = "robertmylesmcdonnell@gmail.com") as necessary. Flavors: r-devel-linux-x86_64-debian-clang, r-devel-linux-x86_64-debian-gcc