Last updated on 2024-06-29 11:49:26 CEST.
Flavor | Version | Tinstall | Tcheck | Ttotal | Status | Flags |
---|---|---|---|---|---|---|
r-devel-linux-x86_64-debian-clang | 0.5.7 | 4.51 | 65.91 | 70.42 | OK | |
r-devel-linux-x86_64-debian-gcc | 0.5.7 | 4.47 | 51.82 | 56.29 | OK | |
r-devel-linux-x86_64-fedora-clang | 0.5.7 | 95.83 | NOTE | |||
r-devel-linux-x86_64-fedora-gcc | 0.5.7 | 100.95 | OK | |||
r-devel-windows-x86_64 | 0.5.7 | 6.00 | 76.00 | 82.00 | OK | |
r-patched-linux-x86_64 | 0.5.7 | 7.00 | 64.89 | 71.89 | OK | |
r-release-linux-x86_64 | 0.5.7 | 5.38 | 64.12 | 69.50 | OK | |
r-release-macos-arm64 | 0.5.7 | 36.00 | OK | |||
r-release-macos-x86_64 | 0.5.7 | 57.00 | OK | |||
r-release-windows-x86_64 | 0.5.7 | 6.00 | 76.00 | 82.00 | OK | |
r-oldrel-macos-arm64 | 0.5.7 | 41.00 | OK | |||
r-oldrel-macos-x86_64 | 0.5.7 | 56.00 | OK | |||
r-oldrel-windows-x86_64 | 0.5.7 | 8.00 | 86.00 | 94.00 | OK |
Version: 0.5.7
Check: Rd cross-references
Result: NOTE
Undeclared packages ‘tidyfst’, ‘tidyr’, ‘fastDummies’ in Rd xrefs
Flavor: r-devel-linux-x86_64-fedora-clang