Last updated on 2025-07-25 19:49:57 CEST.
Flavor | Version | Tinstall | Tcheck | Ttotal | Status | Flags |
---|---|---|---|---|---|---|
r-devel-linux-x86_64-debian-clang | 1.1.2 | 6.03 | 73.07 | 79.10 | NOTE | |
r-devel-linux-x86_64-debian-gcc | 1.1.2 | 3.88 | 53.29 | 57.17 | NOTE | |
r-devel-linux-x86_64-fedora-clang | 1.1.2 | 118.72 | NOTE | |||
r-devel-linux-x86_64-fedora-gcc | 1.1.2 | 124.19 | NOTE | |||
r-devel-windows-x86_64 | 1.1.2 | 7.00 | 92.00 | 99.00 | NOTE | |
r-patched-linux-x86_64 | 1.1.2 | 6.10 | 67.10 | 73.20 | NOTE | |
r-release-linux-x86_64 | 1.1.2 | 5.55 | 67.18 | 72.73 | NOTE | |
r-release-macos-arm64 | 1.1.2 | 57.00 | NOTE | |||
r-release-macos-x86_64 | 1.1.2 | 83.00 | NOTE | |||
r-release-windows-x86_64 | 1.1.2 | 8.00 | 93.00 | 101.00 | NOTE | |
r-oldrel-macos-arm64 | 1.1.2 | 56.00 | OK | |||
r-oldrel-macos-x86_64 | 1.1.2 | 83.00 | OK | |||
r-oldrel-windows-x86_64 | 1.1.2 | 9.00 | 109.00 | 118.00 | OK |
Version: 1.1.2
Check: DESCRIPTION meta-information
Result: NOTE
Missing dependency on R >= 4.1.0 because package code uses the pipe
|> or function shorthand \(...) syntax added in R 4.1.0.
File(s) using such syntax:
‘import_instruments.R’ ‘make_choose_all_table.R’
Flavors: r-devel-linux-x86_64-debian-clang, r-devel-linux-x86_64-debian-gcc, r-devel-linux-x86_64-fedora-clang, r-devel-linux-x86_64-fedora-gcc, r-devel-windows-x86_64, r-patched-linux-x86_64, r-release-linux-x86_64, r-release-macos-arm64, r-release-macos-x86_64, r-release-windows-x86_64