CRAN Package Check Results for Package tidyCpp

Last updated on 2025-10-11 19:51:54 CEST.

Flavor Version Tinstall Tcheck Ttotal Status Flags
r-devel-linux-x86_64-debian-clang 0.0.7 1.14 16.54 17.68 NOTE
r-devel-linux-x86_64-debian-gcc 0.0.7 1.02 14.15 15.17 NOTE
r-devel-linux-x86_64-fedora-clang 0.0.7 27.52 OK
r-devel-linux-x86_64-fedora-gcc 0.0.7 38.85 OK
r-devel-windows-x86_64 0.0.7 2.00 35.00 37.00 OK
r-patched-linux-x86_64 0.0.7 1.19 15.53 16.72 OK
r-release-linux-x86_64 0.0.7 1.17 15.18 16.35 OK
r-release-macos-arm64 0.0.7 19.00 OK
r-release-macos-x86_64 0.0.7 50.00 OK
r-release-windows-x86_64 0.0.7 2.00 37.00 39.00 OK
r-oldrel-macos-arm64 0.0.7 17.00 OK
r-oldrel-macos-x86_64 0.0.7 33.00 OK
r-oldrel-windows-x86_64 0.0.7 3.00 40.00 43.00 OK

Check Details

Version: 0.0.7
Check: CRAN incoming feasibility
Result: NOTE Maintainer: ‘Dirk Eddelbuettel <edd@debian.org>’ No Authors@R field in DESCRIPTION. Please add one, modifying Authors@R: person(given = "Dirk", family = "Eddelbuettel", role = c("aut", "cre"), email = "edd@debian.org") as necessary. Flavors: r-devel-linux-x86_64-debian-clang, r-devel-linux-x86_64-debian-gcc