Last updated on 2024-06-29 11:49:26 CEST.
Flavor | Version | Tinstall | Tcheck | Ttotal | Status | Flags |
---|---|---|---|---|---|---|
r-devel-linux-x86_64-debian-clang | 0.2.1 | 32.03 | 179.79 | 211.82 | OK | |
r-devel-linux-x86_64-debian-gcc | 0.2.1 | 27.42 | 133.79 | 161.21 | OK | |
r-devel-linux-x86_64-fedora-clang | 0.2.1 | 283.65 | NOTE | |||
r-devel-linux-x86_64-fedora-gcc | 0.2.1 | 279.78 | OK | |||
r-devel-windows-x86_64 | 0.2.1 | 32.00 | 139.00 | 171.00 | OK | |
r-patched-linux-x86_64 | 0.2.1 | 24.93 | 170.13 | 195.06 | OK | |
r-release-linux-x86_64 | 0.2.1 | 34.61 | 175.43 | 210.04 | OK | |
r-release-macos-arm64 | 0.2.1 | 73.00 | OK | |||
r-release-macos-x86_64 | 0.2.1 | 117.00 | OK | |||
r-release-windows-x86_64 | 0.2.1 | 34.00 | 138.00 | 172.00 | OK | |
r-oldrel-macos-arm64 | 0.2.1 | 85.00 | OK | |||
r-oldrel-macos-x86_64 | 0.2.1 | 159.00 | OK | |||
r-oldrel-windows-x86_64 | 0.2.1 | 44.00 | 178.00 | 222.00 | OK |
Version: 0.2.1
Check: package dependencies
Result: NOTE
Imports includes 25 non-default packages.
Importing from so many packages makes the package vulnerable to any of
them becoming unavailable. Move as many as possible to Suggests and
use conditionally.
Flavor: r-devel-linux-x86_64-fedora-clang