Last updated on 2025-07-24 18:54:07 CEST.
Flavor | Version | Tinstall | Tcheck | Ttotal | Status | Flags |
---|---|---|---|---|---|---|
r-devel-linux-x86_64-debian-clang | 2.4-23 | 32.14 | 49.21 | 81.35 | OK | --no-vignettes |
r-devel-linux-x86_64-debian-gcc | 2.4-23 | 21.23 | 35.91 | 57.14 | OK | --no-vignettes |
r-devel-linux-x86_64-fedora-clang | 2.4-23 | 184.01 | OK | --no-vignettes | ||
r-devel-linux-x86_64-fedora-gcc | 2.4-23 | 130.71 | OK | --no-vignettes | ||
r-devel-windows-x86_64 | 2.4-23 | 51.00 | 84.00 | 135.00 | OK | --no-vignettes |
r-patched-linux-x86_64 | 2.4-23 | 29.46 | 46.58 | 76.04 | OK | --no-vignettes |
r-release-linux-x86_64 | 2.4-23 | 29.22 | 46.63 | 75.85 | OK | --no-vignettes |
r-release-macos-arm64 | 2.4-23 | 46.00 | OK | --no-vignettes | ||
r-release-macos-x86_64 | 2.4-23 | 60.00 | OK | --no-vignettes | ||
r-release-windows-x86_64 | 2.4-23 | 52.00 | 183.00 | 235.00 | OK | --no-vignettes |
r-oldrel-macos-arm64 | 2.4-23 | 38.00 | NOTE | --no-vignettes | ||
r-oldrel-macos-x86_64 | 2.4-23 | 74.00 | NOTE | --no-vignettes | ||
r-oldrel-windows-x86_64 | 2.4-23 | 58.00 | 89.00 | 147.00 | OK | --no-vignettes |
Version: 2.4-23
Flags: --no-vignettes
Check: installed package size
Result: NOTE
installed size is 5.3Mb
sub-directories of 1Mb or more:
doc 2.6Mb
libs 2.1Mb
Flavors: r-oldrel-macos-arm64, r-oldrel-macos-x86_64