Last updated on 2024-08-24 16:49:13 CEST.
Flavor | Version | Tinstall | Tcheck | Ttotal | Status | Flags |
---|---|---|---|---|---|---|
r-devel-linux-x86_64-debian-clang | 1.1.8 | 96.26 | 131.87 | 228.13 | OK | |
r-devel-linux-x86_64-debian-gcc | 1.1.8 | 73.74 | 116.29 | 190.03 | OK | |
r-devel-linux-x86_64-fedora-clang | 1.1.8 | 394.11 | OK | |||
r-devel-linux-x86_64-fedora-gcc | 1.1.8 | 433.97 | OK | |||
r-devel-windows-x86_64 | 1.1.8 | 97.00 | 157.00 | 254.00 | OK | |
r-patched-linux-x86_64 | 1.1.8 | 102.61 | 130.51 | 233.12 | OK | |
r-release-linux-x86_64 | 1.1.8 | 101.93 | 130.03 | 231.96 | OK | |
r-release-macos-arm64 | 1.1.8 | 101.00 | NOTE | |||
r-release-macos-x86_64 | 1.1.8 | 142.00 | NOTE | |||
r-release-windows-x86_64 | 1.1.8 | 95.00 | 155.00 | 250.00 | OK | |
r-oldrel-macos-arm64 | 1.1.8 | 123.00 | NOTE | |||
r-oldrel-macos-x86_64 | 1.1.8 | 225.00 | NOTE | |||
r-oldrel-windows-x86_64 | 1.1.8 | 116.00 | 187.00 | 303.00 | OK |
Version: 1.1.8
Check: installed package size
Result: NOTE
installed size is 15.3Mb
sub-directories of 1Mb or more:
libs 13.8Mb
Flavors: r-release-macos-arm64, r-release-macos-x86_64, r-oldrel-macos-arm64, r-oldrel-macos-x86_64