Last updated on 2024-06-29 11:49:26 CEST.
Flavor | Version | Tinstall | Tcheck | Ttotal | Status | Flags |
---|---|---|---|---|---|---|
r-devel-linux-x86_64-debian-clang | 1.1.1 | 7.71 | 338.31 | 346.02 | OK | |
r-devel-linux-x86_64-debian-gcc | 1.1.1 | 7.41 | 286.09 | 293.50 | OK | |
r-devel-linux-x86_64-fedora-clang | 1.1.1 | 495.82 | NOTE | |||
r-devel-linux-x86_64-fedora-gcc | 1.1.1 | 450.00 | NOTE | |||
r-devel-windows-x86_64 | 1.1.1 | 9.00 | 221.00 | 230.00 | OK | |
r-patched-linux-x86_64 | 1.1.1 | 16.61 | 373.71 | 390.32 | OK | |
r-release-linux-x86_64 | 1.1.1 | 6.95 | 381.14 | 388.09 | OK | |
r-release-macos-arm64 | 1.1.1 | 124.00 | OK | |||
r-release-macos-x86_64 | 1.1.1 | 222.00 | OK | |||
r-release-windows-x86_64 | 1.1.1 | 11.00 | 227.00 | 238.00 | OK | |
r-oldrel-macos-arm64 | 1.1.1 | 129.00 | OK | |||
r-oldrel-macos-x86_64 | 1.1.1 | 247.00 | OK | |||
r-oldrel-windows-x86_64 | 1.1.1 | 14.00 | 297.00 | 311.00 | OK |
Version: 1.1.1
Check: data for non-ASCII characters
Result: NOTE
Note: found 37 marked UTF-8 strings
Flavors: r-devel-linux-x86_64-fedora-clang, r-devel-linux-x86_64-fedora-gcc