Last updated on 2024-08-24 16:49:13 CEST.
Flavor | Version | Tinstall | Tcheck | Ttotal | Status | Flags |
---|---|---|---|---|---|---|
r-devel-linux-x86_64-debian-clang | 5.2.1 | 11.90 | 74.75 | 86.65 | OK | |
r-devel-linux-x86_64-debian-gcc | 5.2.1 | 10.29 | 59.12 | 69.41 | OK | |
r-devel-linux-x86_64-fedora-gcc | 5.2.1 | 144.35 | OK | |||
r-devel-windows-x86_64 | 5.2.1 | 45.00 | 145.00 | 190.00 | NOTE | |
r-patched-linux-x86_64 | 5.2.1 | 14.33 | 76.02 | 90.35 | OK | |
r-release-linux-x86_64 | 5.2.1 | 14.52 | 98.28 | 112.80 | OK | |
r-release-macos-arm64 | 5.2.1 | 64.00 | NOTE | |||
r-release-macos-x86_64 | 5.2.1 | 87.00 | NOTE | |||
r-release-windows-x86_64 | 5.2.1 | 45.00 | 154.00 | 199.00 | NOTE | |
r-oldrel-macos-arm64 | 5.2.1 | 65.00 | NOTE | |||
r-oldrel-macos-x86_64 | 5.2.1 | 169.00 | NOTE | |||
r-oldrel-windows-x86_64 | 5.2.1 | 52.00 | 166.00 | 218.00 | NOTE |
Version: 5.2.1
Check: installed package size
Result: NOTE
installed size is 23.3Mb
sub-directories of 1Mb or more:
doc 1.1Mb
libs 8.1Mb
tessdata 14.0Mb
Flavors: r-devel-windows-x86_64, r-release-macos-arm64, r-release-macos-x86_64, r-release-windows-x86_64, r-oldrel-macos-arm64, r-oldrel-macos-x86_64, r-oldrel-windows-x86_64