Last updated on 2025-04-29 19:50:49 CEST.
Flavor | Version | Tinstall | Tcheck | Ttotal | Status | Flags |
---|---|---|---|---|---|---|
r-devel-linux-x86_64-debian-clang | 1.1.1 | 139.70 | 36.57 | 176.27 | OK | |
r-devel-linux-x86_64-debian-gcc | 1.1.1 | 107.16 | 36.75 | 143.91 | OK | |
r-devel-linux-x86_64-fedora-clang | 1.1.1 | 344.12 | OK | |||
r-devel-linux-x86_64-fedora-gcc | 1.1.1 | 370.93 | OK | |||
r-devel-windows-x86_64 | 1.1.1 | 151.00 | 87.00 | 238.00 | OK | |
r-patched-linux-x86_64 | 1.1.1 | 145.65 | 47.01 | 192.66 | OK | |
r-release-linux-x86_64 | 1.1.1 | 142.39 | 47.49 | 189.88 | OK | |
r-release-macos-arm64 | 1.1.1 | 94.00 | OK | |||
r-release-macos-x86_64 | 1.1.1 | 97.00 | OK | |||
r-release-windows-x86_64 | 1.1.1 | 152.00 | 93.00 | 245.00 | OK | |
r-oldrel-macos-arm64 | 1.1.1 | 106.00 | NOTE | |||
r-oldrel-macos-x86_64 | 1.1.1 | 81.00 | NOTE | |||
r-oldrel-windows-x86_64 | 1.1.1 | 166.00 | 103.00 | 269.00 | OK |
Version: 1.1.1
Check: installed package size
Result: NOTE
installed size is 14.9Mb
sub-directories of 1Mb or more:
libs 14.8Mb
Flavors: r-oldrel-macos-arm64, r-oldrel-macos-x86_64