CRAN Package Check Results for Package tensorBF

Last updated on 2025-05-06 09:51:05 CEST.

Flavor Version Tinstall Tcheck Ttotal Status Flags
r-devel-linux-x86_64-debian-clang 1.0.2 3.18 24.84 28.02 NOTE
r-devel-linux-x86_64-debian-gcc 1.0.2 2.14 18.61 20.75 NOTE
r-devel-linux-x86_64-fedora-clang 1.0.2 42.90 OK
r-devel-linux-x86_64-fedora-gcc 1.0.2 42.69 OK
r-devel-windows-x86_64 1.0.2 4.00 44.00 48.00 OK
r-patched-linux-x86_64 1.0.2 2.51 23.69 26.20 OK
r-release-linux-x86_64 1.0.2 2.72 23.90 26.62 OK
r-release-macos-arm64 1.0.2 16.00 OK
r-release-macos-x86_64 1.0.2 27.00 OK
r-release-windows-x86_64 1.0.2 4.00 48.00 52.00 OK
r-oldrel-macos-arm64 1.0.2 15.00 OK
r-oldrel-macos-x86_64 1.0.2 23.00 OK
r-oldrel-windows-x86_64 1.0.2 3.00 44.00 47.00 OK

Check Details

Version: 1.0.2
Check: CRAN incoming feasibility
Result: NOTE Maintainer: ‘Suleiman A Khan <khan.suleiman@gmail.com>’ Package CITATION file contains call(s) to old-style personList() or as.personList(). Please use c() on person objects instead. Package CITATION file contains call(s) to old-style citEntry(). Please use bibentry() instead. Flavors: r-devel-linux-x86_64-debian-clang, r-devel-linux-x86_64-debian-gcc