Last updated on 2024-06-29 11:49:26 CEST.
Flavor | Version | Tinstall | Tcheck | Ttotal | Status | Flags |
---|---|---|---|---|---|---|
r-devel-linux-x86_64-debian-clang | 1.0.3 | 302.41 | 405.28 | 707.69 | NOTE | |
r-devel-linux-x86_64-debian-gcc | 1.0.3 | 198.64 | 282.93 | 481.57 | NOTE | |
r-devel-linux-x86_64-fedora-clang | 1.0.3 | 735.94 | NOTE | |||
r-devel-linux-x86_64-fedora-gcc | 1.0.3 | 796.45 | NOTE | |||
r-devel-windows-x86_64 | 1.0.3 | 220.00 | 275.00 | 495.00 | NOTE | |
r-patched-linux-x86_64 | 1.0.3 | 236.72 | 375.17 | 611.89 | NOTE | |
r-release-linux-x86_64 | 1.0.3 | 184.07 | 392.27 | 576.34 | NOTE | |
r-release-macos-arm64 | 1.0.3 | 175.00 | NOTE | |||
r-release-macos-x86_64 | 1.0.3 | 230.00 | NOTE | |||
r-release-windows-x86_64 | 1.0.3 | 219.00 | 275.00 | 494.00 | NOTE | |
r-oldrel-macos-arm64 | 1.0.3 | 203.00 | NOTE | |||
r-oldrel-macos-x86_64 | 1.0.3 | 354.00 | NOTE | |||
r-oldrel-windows-x86_64 | 1.0.3 | 271.00 | 367.00 | 638.00 | NOTE |
Version: 1.0.3
Check: C++ specification
Result: NOTE
Specified C++11: please drop specification unless essential
Flavors: r-devel-linux-x86_64-debian-clang, r-devel-linux-x86_64-debian-gcc, r-devel-linux-x86_64-fedora-clang, r-devel-linux-x86_64-fedora-gcc, r-devel-windows-x86_64, r-patched-linux-x86_64, r-release-linux-x86_64, r-release-macos-arm64, r-release-macos-x86_64, r-release-windows-x86_64, r-oldrel-macos-arm64, r-oldrel-macos-x86_64, r-oldrel-windows-x86_64
Version: 1.0.3
Check: installed package size
Result: NOTE
installed size is 19.2Mb
sub-directories of 1Mb or more:
data 2.4Mb
libs 16.5Mb
Flavors: r-release-macos-arm64, r-release-macos-x86_64, r-oldrel-macos-arm64, r-oldrel-macos-x86_64