Last updated on 2025-11-02 02:50:58 CET.
| Flavor | Version | Tinstall | Tcheck | Ttotal | Status | Flags |
|---|---|---|---|---|---|---|
| r-devel-linux-x86_64-debian-clang | 0.2.0 | 1.97 | 35.14 | 37.11 | NOTE | |
| r-devel-linux-x86_64-debian-gcc | 0.2.0 | 1.97 | 28.75 | 30.72 | NOTE | |
| r-devel-linux-x86_64-fedora-clang | 0.2.0 | 52.11 | NOTE | |||
| r-devel-linux-x86_64-fedora-gcc | 0.2.0 | 64.65 | NOTE | |||
| r-devel-windows-x86_64 | 0.2.0 | 4.00 | 60.00 | 64.00 | NOTE | |
| r-patched-linux-x86_64 | 0.2.0 | 2.84 | 32.47 | 35.31 | NOTE | |
| r-release-linux-x86_64 | 0.2.0 | 2.54 | 32.13 | 34.67 | NOTE | |
| r-release-macos-arm64 | 0.2.0 | 1.00 | 37.00 | 38.00 | NOTE | |
| r-release-macos-x86_64 | 0.2.0 | 2.00 | 47.00 | 49.00 | NOTE | |
| r-release-windows-x86_64 | 0.2.0 | 3.00 | 53.00 | 56.00 | NOTE | |
| r-oldrel-macos-arm64 | 0.2.0 | 1.00 | 48.00 | 49.00 | OK | |
| r-oldrel-macos-x86_64 | 0.2.0 | 4.00 | 67.00 | 71.00 | OK | |
| r-oldrel-windows-x86_64 | 0.2.0 | 5.00 | 62.00 | 67.00 | OK |
Version: 0.2.0
Check: DESCRIPTION meta-information
Result: NOTE
Missing dependency on R >= 4.1.0 because package code uses the pipe
|> or function shorthand \(...) syntax added in R 4.1.0.
File(s) using such syntax:
‘mobius-strips.Rd’
Flavors: r-devel-linux-x86_64-debian-clang, r-devel-linux-x86_64-debian-gcc, r-devel-linux-x86_64-fedora-clang, r-devel-linux-x86_64-fedora-gcc, r-devel-windows-x86_64, r-patched-linux-x86_64, r-release-linux-x86_64, r-release-macos-arm64, r-release-macos-x86_64, r-release-windows-x86_64